CRAN Package Check Results for Package StatRank

Last updated on 2025-10-22 11:51:26 CEST.

Flavor Version Tinstall Tcheck Ttotal Status Flags
r-devel-linux-x86_64-debian-clang 0.0.6 7.23 85.46 92.69 NOTE
r-devel-linux-x86_64-debian-gcc 0.0.6 6.28 59.58 65.86 NOTE
r-devel-linux-x86_64-fedora-clang 0.0.6 18.00 129.62 147.62 OK
r-devel-linux-x86_64-fedora-gcc 0.0.6 18.00 124.59 142.59 OK
r-devel-windows-x86_64 0.0.6 10.00 96.00 106.00 OK
r-patched-linux-x86_64 0.0.6 8.33 80.67 89.00 OK
r-release-linux-x86_64 0.0.6 7.64 79.96 87.60 OK
r-release-macos-arm64 0.0.6 4.00 39.00 43.00 OK
r-release-macos-x86_64 0.0.6 7.00 57.00 64.00 OK
r-release-windows-x86_64 0.0.6 11.00 98.00 109.00 OK
r-oldrel-macos-arm64 0.0.6 4.00 34.00 38.00 OK
r-oldrel-macos-x86_64 0.0.6 6.00 54.00 60.00 OK
r-oldrel-windows-x86_64 0.0.6 15.00 123.00 138.00 OK

Check Details

Version: 0.0.6
Check: CRAN incoming feasibility
Result: NOTE Maintainer: ‘Hossein Azari Soufiani <azari.hossein@gmail.com>’ No Authors@R field in DESCRIPTION. Please add one, modifying Authors@R: c(person(given = c("Hossein", "Azari"), family = "Soufiani", role = c("aut", "cre"), email = "azari.hossein@gmail.com"), person(given = "William", family = "Chen", role = "aut")) as necessary. Flavors: r-devel-linux-x86_64-debian-clang, r-devel-linux-x86_64-debian-gcc