Last updated on 2025-10-24 18:50:09 CEST.
| Flavor | Version | Tinstall | Tcheck | Ttotal | Status | Flags |
|---|---|---|---|---|---|---|
| r-devel-linux-x86_64-debian-clang | 0.1.9 | 55.29 | 467.55 | 522.84 | NOTE | |
| r-devel-linux-x86_64-debian-gcc | 0.1.9 | 43.62 | 344.88 | 388.50 | NOTE | |
| r-devel-linux-x86_64-fedora-clang | 0.1.9 | 264.00 | 582.52 | 846.52 | OK | |
| r-devel-linux-x86_64-fedora-gcc | 0.1.9 | 106.00 | 689.86 | 795.86 | OK | |
| r-devel-windows-x86_64 | 0.1.9 | 56.00 | 619.00 | 675.00 | OK | |
| r-patched-linux-x86_64 | 0.1.9 | 56.11 | 448.51 | 504.62 | OK | |
| r-release-linux-x86_64 | 0.1.9 | 54.07 | 443.48 | 497.55 | OK | |
| r-release-macos-arm64 | 0.1.9 | 37.00 | 260.00 | 297.00 | OK | |
| r-release-macos-x86_64 | 0.1.9 | 10.00 | ERROR | |||
| r-release-windows-x86_64 | 0.1.9 | 57.00 | 408.00 | 465.00 | OK | |
| r-oldrel-macos-arm64 | 0.1.9 | 27.00 | 196.00 | 223.00 | OK | |
| r-oldrel-macos-x86_64 | 0.1.9 | 49.00 | 273.00 | 322.00 | NOTE | |
| r-oldrel-windows-x86_64 | 0.1.9 | 74.00 | 533.00 | 607.00 | OK |
Version: 0.1.9
Check: CRAN incoming feasibility
Result: NOTE
Maintainer: ‘Junwei Han <hanjunwei1981@163.com>’
No Authors@R field in DESCRIPTION.
Please add one, modifying
Authors@R: c(person(given = "Xudong",
family = "Han",
role = "aut"),
person(given = "Junwei",
family = "Han",
role = c("aut", "cre"),
email = "hanjunwei1981@163.com"),
person(given = "Chonghui",
family = "Liu",
role = "aut"))
as necessary.
Flavors: r-devel-linux-x86_64-debian-clang, r-devel-linux-x86_64-debian-gcc
Version: 0.1.9
Check: package dependencies
Result: ERROR
Package required but not available: ‘ChemmineR’
See section ‘The DESCRIPTION file’ in the ‘Writing R Extensions’
manual.
Flavor: r-release-macos-x86_64
Version: 0.1.9
Check: installed package size
Result: NOTE
installed size is 5.7Mb
sub-directories of 1Mb or more:
data 5.0Mb
Flavor: r-oldrel-macos-x86_64