CRAN Package Check Results for Package TDbook

Last updated on 2025-10-21 17:50:04 CEST.

Flavor Version Tinstall Tcheck Ttotal Status Flags
r-devel-linux-x86_64-debian-clang 0.0.6 2.02 20.96 22.98 NOTE
r-devel-linux-x86_64-debian-gcc 0.0.6 1.57 17.50 19.07 NOTE
r-devel-linux-x86_64-fedora-clang 0.0.6 36.19 OK
r-devel-linux-x86_64-fedora-gcc 0.0.6 32.29 OK
r-devel-windows-x86_64 0.0.6 4.00 40.00 44.00 OK
r-patched-linux-x86_64 0.0.6 2.51 19.68 22.19 OK
r-release-linux-x86_64 0.0.6 2.04 19.91 21.95 OK
r-release-macos-arm64 0.0.6 1.00 15.00 16.00 OK
r-release-macos-x86_64 0.0.6 2.00 22.00 24.00 OK
r-release-windows-x86_64 0.0.6 3.00 41.00 44.00 OK
r-oldrel-macos-arm64 0.0.6 1.00 14.00 15.00 OK
r-oldrel-macos-x86_64 0.0.6 2.00 19.00 21.00 OK
r-oldrel-windows-x86_64 0.0.6 4.00 41.00 45.00 OK

Check Details

Version: 0.0.6
Check: CRAN incoming feasibility
Result: NOTE Maintainer: ‘Guangchuang Yu <guangchuangyu@gmail.com>’ Package CITATION file contains call(s) to old-style citEntry(). Please use bibentry() instead. Flavors: r-devel-linux-x86_64-debian-clang, r-devel-linux-x86_64-debian-gcc