Last updated on 2025-10-21 17:50:04 CEST.
Flavor | Version | Tinstall | Tcheck | Ttotal | Status | Flags |
---|---|---|---|---|---|---|
r-devel-linux-x86_64-debian-clang | 0.3-0 | 7.50 | 61.07 | 68.57 | NOTE | |
r-devel-linux-x86_64-debian-gcc | 0.3-0 | 5.51 | 44.14 | 49.65 | NOTE | |
r-devel-linux-x86_64-fedora-clang | 0.3-0 | 17.00 | 99.28 | 116.28 | OK | |
r-devel-linux-x86_64-fedora-gcc | 0.3-0 | 14.00 | 85.70 | 99.70 | OK | |
r-devel-windows-x86_64 | 0.3-0 | 9.00 | 71.00 | 80.00 | OK | |
r-patched-linux-x86_64 | 0.3-0 | 6.86 | 58.01 | 64.87 | OK | |
r-release-linux-x86_64 | 0.3-0 | 6.76 | 57.34 | 64.10 | OK | |
r-release-macos-arm64 | 0.3-0 | 4.00 | 28.00 | 32.00 | OK | |
r-release-macos-x86_64 | 0.3-0 | 8.00 | 55.00 | 63.00 | OK | |
r-release-windows-x86_64 | 0.3-0 | 8.00 | 74.00 | 82.00 | OK | |
r-oldrel-macos-arm64 | 0.3-0 | 4.00 | 30.00 | 34.00 | OK | |
r-oldrel-macos-x86_64 | 0.3-0 | 5.00 | 43.00 | 48.00 | OK | |
r-oldrel-windows-x86_64 | 0.3-0 | 12.00 | 83.00 | 95.00 | OK |
Version: 0.3-0
Check: HTML version of manual
Result: NOTE
Found the following HTML validation problems:
print.TEfit.html:54:1 (print.TEfit.Rd:15): Warning: missing </ul> before </div>
Flavors: r-devel-linux-x86_64-debian-clang, r-devel-linux-x86_64-debian-gcc