Last updated on 2025-10-25 06:49:57 CEST.
| Flavor | Version | Tinstall | Tcheck | Ttotal | Status | Flags |
|---|---|---|---|---|---|---|
| r-devel-linux-x86_64-debian-clang | 1.1-4 | 4.90 | 189.65 | 194.55 | OK | |
| r-devel-linux-x86_64-debian-gcc | 1.1-4 | 3.92 | 141.91 | 145.83 | OK | |
| r-devel-linux-x86_64-fedora-clang | 1.1-4 | 22.00 | 291.55 | 313.55 | OK | |
| r-devel-linux-x86_64-fedora-gcc | 1.1-4 | 11.00 | 314.82 | 325.82 | OK | |
| r-devel-windows-x86_64 | 1.1-4 | 6.00 | 382.00 | 388.00 | OK | |
| r-patched-linux-x86_64 | 1.1-4 | 3.96 | 185.74 | 189.70 | OK | |
| r-release-linux-x86_64 | 1.1-4 | 4.39 | 90.86 | 95.25 | OK | |
| r-release-macos-arm64 | 1.1-4 | 2.00 | 62.00 | 64.00 | OK | |
| r-release-macos-x86_64 | 1.1-4 | 7.00 | 106.00 | 113.00 | OK | |
| r-release-windows-x86_64 | 1.1-4 | 7.00 | 377.00 | 384.00 | OK | |
| r-oldrel-macos-arm64 | 1.1-4 | 3.00 | 63.00 | 66.00 | NOTE | |
| r-oldrel-macos-x86_64 | 1.1-4 | 8.00 | 117.00 | 125.00 | NOTE | |
| r-oldrel-windows-x86_64 | 1.1-4 | 8.00 | 579.00 | 587.00 | NOTE |
Version: 1.1-4
Check: installed package size
Result: NOTE
installed size is 8.8Mb
sub-directories of 1Mb or more:
data 1.1Mb
rda 7.0Mb
Flavors: r-oldrel-macos-arm64, r-oldrel-macos-x86_64, r-oldrel-windows-x86_64