CRAN Package Check Results for Package TLMoments

Last updated on 2025-10-22 17:49:55 CEST.

Flavor Version Tinstall Tcheck Ttotal Status Flags
r-devel-linux-x86_64-debian-clang 0.7.5.3 24.94 268.24 293.18 NOTE
r-devel-linux-x86_64-debian-gcc 0.7.5.3 18.29 150.57 168.86 NOTE
r-devel-linux-x86_64-fedora-clang 0.7.5.3 66.00 440.84 506.84 OK
r-devel-linux-x86_64-fedora-gcc 0.7.5.3 68.00 419.40 487.40 OK
r-devel-windows-x86_64 0.7.5.3 33.00 317.00 350.00 OK
r-patched-linux-x86_64 0.7.5.3 27.71 253.68 281.39 OK
r-release-linux-x86_64 0.7.5.3 27.37 253.40 280.77 OK
r-release-macos-arm64 0.7.5.3 17.00 117.00 134.00 OK
r-release-macos-x86_64 0.7.5.3 14.00 199.00 213.00 OK
r-release-windows-x86_64 0.7.5.3 33.00 312.00 345.00 OK
r-oldrel-macos-arm64 0.7.5.3 12.00 95.00 107.00 OK
r-oldrel-macos-x86_64 0.7.5.3 16.00 164.00 180.00 OK
r-oldrel-windows-x86_64 0.7.5.3 39.00 317.00 356.00 OK

Check Details

Version: 0.7.5.3
Check: CRAN incoming feasibility
Result: NOTE Maintainer: ‘Jona Lilienthal <lilienthal@statistik.tu-dortmund.de>’ No Authors@R field in DESCRIPTION. Please add one, modifying Authors@R: person(given = "Jona", family = "Lilienthal", role = c("aut", "cre"), email = "lilienthal@statistik.tu-dortmund.de") as necessary. Flavors: r-devel-linux-x86_64-debian-clang, r-devel-linux-x86_64-debian-gcc