Last updated on 2025-10-21 17:50:07 CEST.
Flavor | Version | Tinstall | Tcheck | Ttotal | Status | Flags |
---|---|---|---|---|---|---|
r-devel-linux-x86_64-debian-clang | 2.0.0 | 6.17 | 56.94 | 63.11 | NOTE | |
r-devel-linux-x86_64-debian-gcc | 2.0.0 | 5.13 | 43.31 | 48.44 | NOTE | |
r-devel-linux-x86_64-fedora-clang | 2.0.0 | 17.00 | 84.30 | 101.30 | NOTE | |
r-devel-linux-x86_64-fedora-gcc | 2.0.0 | 14.00 | 78.12 | 92.12 | NOTE | |
r-devel-windows-x86_64 | 2.0.0 | 7.00 | 69.00 | 76.00 | NOTE | |
r-patched-linux-x86_64 | 2.0.0 | 5.39 | 54.08 | 59.47 | NOTE | |
r-release-linux-x86_64 | 2.0.0 | 4.90 | 55.35 | 60.25 | NOTE | |
r-release-macos-arm64 | 2.0.0 | 3.00 | 28.00 | 31.00 | NOTE | |
r-release-macos-x86_64 | 2.0.0 | 5.00 | 49.00 | 54.00 | NOTE | |
r-release-windows-x86_64 | 2.0.0 | 8.00 | 68.00 | 76.00 | NOTE | |
r-oldrel-macos-arm64 | 2.0.0 | 3.00 | 26.00 | 29.00 | NOTE | |
r-oldrel-macos-x86_64 | 2.0.0 | 5.00 | 38.00 | 43.00 | NOTE | |
r-oldrel-windows-x86_64 | 2.0.0 | 9.00 | 82.00 | 91.00 | NOTE |
Version: 2.0.0
Check: CRAN incoming feasibility
Result: NOTE
Maintainer: ‘Luke Mosley <l.mosley@lancaster.ac.uk>’
The Description field contains
<arXiv:2108.05783> for disaggregating low-frequency series in the
Please refer to arXiv e-prints via their arXiv DOI <doi:10.48550/arXiv.YYMM.NNNNN>.
Flavors: r-devel-linux-x86_64-debian-clang, r-devel-linux-x86_64-debian-gcc
Version: 2.0.0
Check: Rd files
Result: NOTE
checkRd: (-1) TempDisaggDGP.Rd:79: Escaped LaTeX specials: \&
checkRd: (-1) disaggregate.Rd:56: Escaped LaTeX specials: \&
Flavors: r-devel-linux-x86_64-debian-clang, r-devel-linux-x86_64-debian-gcc, r-devel-linux-x86_64-fedora-clang, r-devel-linux-x86_64-fedora-gcc, r-devel-windows-x86_64, r-patched-linux-x86_64, r-release-linux-x86_64, r-release-macos-arm64, r-release-macos-x86_64, r-release-windows-x86_64, r-oldrel-macos-arm64, r-oldrel-macos-x86_64, r-oldrel-windows-x86_64
Version: 2.0.0
Check: HTML version of manual
Result: NOTE
Found the following HTML validation problems:
refit.html:55:1 (refit.Rd:14): Warning: missing </ul> before </div>
Flavors: r-devel-linux-x86_64-debian-clang, r-devel-linux-x86_64-debian-gcc