CRAN Package Check Results for Package TempCont

Last updated on 2025-10-24 11:51:00 CEST.

Flavor Version Tinstall Tcheck Ttotal Status Flags
r-devel-linux-x86_64-debian-clang 0.1.0 1.97 24.85 26.82 NOTE
r-devel-linux-x86_64-debian-gcc 0.1.0 1.69 19.58 21.27 NOTE
r-devel-linux-x86_64-fedora-clang 0.1.0 39.68 OK
r-devel-linux-x86_64-fedora-gcc 0.1.0 37.43 OK
r-devel-windows-x86_64 0.1.0 3.00 43.00 46.00 OK
r-patched-linux-x86_64 0.1.0 1.98 23.02 25.00 OK
r-release-linux-x86_64 0.1.0 2.17 23.46 25.63 OK
r-release-macos-arm64 0.1.0 1.00 19.00 20.00 OK
r-release-macos-x86_64 0.1.0 2.00 29.00 31.00 OK
r-release-windows-x86_64 0.1.0 3.00 45.00 48.00 OK
r-oldrel-macos-arm64 0.1.0 1.00 15.00 16.00 OK
r-oldrel-macos-x86_64 0.1.0 2.00 22.00 24.00 OK
r-oldrel-windows-x86_64 0.1.0 4.00 50.00 54.00 OK

Check Details

Version: 0.1.0
Check: CRAN incoming feasibility
Result: NOTE Maintainer: ‘Marcos Fernández-Martínez <marcos.fernandez-martinez@uantwerpen.be>’ No Authors@R field in DESCRIPTION. Please add one, modifying Authors@R: c(person(given = "Marcos", family = "Fernández-Martínez", role = c("aut", "cre"), email = "marcos.fernandez-martinez@uantwerpen.be"), person(given = "Joan", family = "Maspons", role = "aut")) as necessary. Flavors: r-devel-linux-x86_64-debian-clang, r-devel-linux-x86_64-debian-gcc