Last updated on 2025-10-21 23:51:13 CEST.
Flavor | Version | Tinstall | Tcheck | Ttotal | Status | Flags |
---|---|---|---|---|---|---|
r-devel-linux-x86_64-debian-clang | 0.1.0 | 9.81 | 83.39 | 93.20 | NOTE | |
r-devel-linux-x86_64-debian-gcc | 0.1.0 | 6.72 | 62.31 | 69.03 | NOTE | |
r-devel-linux-x86_64-fedora-clang | 0.1.0 | 22.00 | 120.44 | 142.44 | OK | |
r-devel-linux-x86_64-fedora-gcc | 0.1.0 | 19.00 | 115.03 | 134.03 | OK | |
r-devel-windows-x86_64 | 0.1.0 | 11.00 | 100.00 | 111.00 | OK | |
r-patched-linux-x86_64 | 0.1.0 | 9.29 | 77.21 | 86.50 | OK | |
r-release-linux-x86_64 | 0.1.0 | 9.68 | 77.63 | 87.31 | OK | |
r-release-macos-arm64 | 0.1.0 | 5.00 | 47.00 | 52.00 | OK | |
r-release-macos-x86_64 | 0.1.0 | 8.00 | 70.00 | 78.00 | OK | |
r-release-windows-x86_64 | 0.1.0 | 12.00 | 104.00 | 116.00 | OK | |
r-oldrel-macos-arm64 | 0.1.0 | 4.00 | 37.00 | 41.00 | OK | |
r-oldrel-macos-x86_64 | 0.1.0 | 7.00 | 56.00 | 63.00 | OK | |
r-oldrel-windows-x86_64 | 0.1.0 | 15.00 | 180.00 | 195.00 | OK |
Version: 0.1.0
Check: HTML version of manual
Result: NOTE
Found the following HTML validation problems:
install_tiktoken.html:53:1 (install_tiktoken.Rd:14): Warning: missing </ul> before </div>
Flavors: r-devel-linux-x86_64-debian-clang, r-devel-linux-x86_64-debian-gcc