Last updated on 2025-10-25 12:50:04 CEST.
| Flavor | Version | Tinstall | Tcheck | Ttotal | Status | Flags |
|---|---|---|---|---|---|---|
| r-devel-linux-x86_64-debian-clang | 0.1.0 | 6.37 | 56.45 | 62.82 | NOTE | |
| r-devel-linux-x86_64-debian-gcc | 0.1.0 | 4.68 | 40.78 | 45.46 | NOTE | |
| r-devel-linux-x86_64-fedora-clang | 0.1.0 | 16.00 | 84.35 | 100.35 | OK | |
| r-devel-linux-x86_64-fedora-gcc | 0.1.0 | 13.00 | 77.51 | 90.51 | OK | |
| r-devel-windows-x86_64 | 0.1.0 | 8.00 | 65.00 | 73.00 | OK | |
| r-patched-linux-x86_64 | 0.1.0 | 6.88 | 51.70 | 58.58 | OK | |
| r-release-linux-x86_64 | 0.1.0 | 5.61 | 51.89 | 57.50 | OK | |
| r-release-macos-arm64 | 0.1.0 | 3.00 | 21.00 | 24.00 | OK | |
| r-release-macos-x86_64 | 0.1.0 | 5.00 | 39.00 | 44.00 | OK | |
| r-release-windows-x86_64 | 0.1.0 | 9.00 | 146.00 | 155.00 | OK | |
| r-oldrel-macos-arm64 | 0.1.0 | 2.00 | 22.00 | 24.00 | OK | |
| r-oldrel-macos-x86_64 | 0.1.0 | 4.00 | 32.00 | 36.00 | OK | |
| r-oldrel-windows-x86_64 | 0.1.0 | 12.00 | 80.00 | 92.00 | OK |
Version: 0.1.0
Check: CRAN incoming feasibility
Result: NOTE
Maintainer: ‘Amit Sasson <amitsasson1@gmail.com>’
No Authors@R field in DESCRIPTION.
Please add one, modifying
Authors@R: person(given = "Amit",
family = "Sasson",
role = c("aut", "cre"),
email = "amitsasson1@gmail.com")
as necessary.
Flavors: r-devel-linux-x86_64-debian-clang, r-devel-linux-x86_64-debian-gcc