CRAN Package Check Results for Package TideHarmonics

Last updated on 2025-10-21 17:50:04 CEST.

Flavor Version Tinstall Tcheck Ttotal Status Flags
r-devel-linux-x86_64-debian-clang 0.1-1 3.00 76.60 79.60 NOTE
r-devel-linux-x86_64-debian-gcc 0.1-1 2.02 50.12 52.14 NOTE
r-devel-linux-x86_64-fedora-clang 0.1-1 120.63 OK
r-devel-linux-x86_64-fedora-gcc 0.1-1 134.17 OK
r-devel-windows-x86_64 0.1-1 4.00 94.00 98.00 OK
r-patched-linux-x86_64 0.1-1 3.49 70.69 74.18 OK
r-release-linux-x86_64 0.1-1 2.91 71.84 74.75 OK
r-release-macos-arm64 0.1-1 1.00 49.00 50.00 OK
r-release-macos-x86_64 0.1-1 2.00 76.00 78.00 OK
r-release-windows-x86_64 0.1-1 5.00 102.00 107.00 OK
r-oldrel-macos-arm64 0.1-1 2.00 37.00 39.00 OK
r-oldrel-macos-x86_64 0.1-1 2.00 60.00 62.00 OK
r-oldrel-windows-x86_64 0.1-1 4.00 97.00 101.00 OK

Check Details

Version: 0.1-1
Check: CRAN incoming feasibility
Result: NOTE Maintainer: ‘Alec Stephenson <alec_stephenson@hotmail.com>’ No Authors@R field in DESCRIPTION. Please add one, modifying Authors@R: c(person(given = "Alec", family = "Stephenson.", role = "aut"), person(given = "Alec", family = "Stephenson", role = "cre", email = "alec_stephenson@hotmail.com")) as necessary. Package CITATION file contains call(s) to old-style citEntry(). Please use bibentry() instead. Flavors: r-devel-linux-x86_64-debian-clang, r-devel-linux-x86_64-debian-gcc