Last updated on 2025-10-21 23:51:14 CEST.
Flavor | Version | Tinstall | Tcheck | Ttotal | Status | Flags |
---|---|---|---|---|---|---|
r-devel-linux-x86_64-debian-clang | 0.0.3 | 2.97 | 36.03 | 39.00 | NOTE | |
r-devel-linux-x86_64-debian-gcc | 0.0.3 | 2.34 | 27.97 | 30.31 | NOTE | |
r-devel-linux-x86_64-fedora-clang | 0.0.3 | 55.23 | OK | |||
r-devel-linux-x86_64-fedora-gcc | 0.0.3 | 52.76 | OK | |||
r-devel-windows-x86_64 | 0.0.3 | 3.00 | 53.00 | 56.00 | OK | |
r-patched-linux-x86_64 | 0.0.3 | 3.02 | 31.26 | 34.28 | OK | |
r-release-linux-x86_64 | 0.0.3 | 2.90 | 31.26 | 34.16 | OK | |
r-release-macos-arm64 | 0.0.3 | 2.00 | 19.00 | 21.00 | OK | |
r-release-macos-x86_64 | 0.0.3 | 3.00 | 31.00 | 34.00 | OK | |
r-release-windows-x86_64 | 0.0.3 | 3.00 | 51.00 | 54.00 | OK | |
r-oldrel-macos-arm64 | 0.0.3 | 1.00 | 19.00 | 20.00 | OK | |
r-oldrel-macos-x86_64 | 0.0.3 | 2.00 | 27.00 | 29.00 | OK | |
r-oldrel-windows-x86_64 | 0.0.3 | 5.00 | 59.00 | 64.00 | OK |
Version: 0.0.3
Check: CRAN incoming feasibility
Result: NOTE
Maintainer: ‘Moritz Mueller-Navarra <muellernavarra@gmail.com>’
Found the following URLs which should use \doi (with the DOI name only):
File ‘BuildTT.Rd’:
https://doi.org/10.5194/os-15-1363-2019
File ‘SynTT.Rd’:
https://doi.org/10.5194/os-15-1363-2019
File ‘TideTable.Rd’:
https://doi.org/10.5194/os-15-1363-2019
Flavors: r-devel-linux-x86_64-debian-clang, r-devel-linux-x86_64-debian-gcc