Last updated on 2025-10-24 11:51:02 CEST.
| Flavor | Version | Tinstall | Tcheck | Ttotal | Status | Flags |
|---|---|---|---|---|---|---|
| r-devel-linux-x86_64-debian-clang | 2.5 | 11.27 | 85.79 | 97.06 | NOTE | |
| r-devel-linux-x86_64-debian-gcc | 2.5 | 6.91 | 62.22 | 69.13 | NOTE | |
| r-devel-linux-x86_64-fedora-clang | 2.5 | 23.00 | 129.92 | 152.92 | OK | |
| r-devel-linux-x86_64-fedora-gcc | 2.5 | 22.00 | 146.16 | 168.16 | OK | |
| r-devel-windows-x86_64 | 2.5 | 12.00 | 89.00 | 101.00 | OK | |
| r-patched-linux-x86_64 | 2.5 | 11.47 | 83.12 | 94.59 | OK | |
| r-release-linux-x86_64 | 2.5 | 9.03 | 82.05 | 91.08 | OK | |
| r-release-macos-arm64 | 2.5 | 6.00 | 58.00 | 64.00 | OK | |
| r-release-macos-x86_64 | 2.5 | 10.00 | 96.00 | 106.00 | OK | |
| r-release-windows-x86_64 | 2.5 | 12.00 | 96.00 | 108.00 | OK | |
| r-oldrel-macos-arm64 | 2.5 | 5.00 | 42.00 | 47.00 | OK | |
| r-oldrel-macos-x86_64 | 2.5 | 8.00 | 66.00 | 74.00 | OK | |
| r-oldrel-windows-x86_64 | 2.5 | 16.00 | 118.00 | 134.00 | OK |
Version: 2.5
Check: CRAN incoming feasibility
Result: NOTE
Maintainer: ‘Oskar Hagen <oskar.hagen@outlook.com>’
No Authors@R field in DESCRIPTION.
Please add one, modifying
Authors@R: c(person(given = "Oskar",
family = "Hagen",
role = c("aut", "cre"),
email = "oskar.hagen@outlook.com"),
person(given = "Tanja",
family = "Stadler",
role = "aut"))
as necessary.
Flavors: r-devel-linux-x86_64-debian-clang, r-devel-linux-x86_64-debian-gcc