Last updated on 2024-05-26 21:49:33 CEST.
Flavor | Version | Tinstall | Tcheck | Ttotal | Status | Flags |
---|---|---|---|---|---|---|
r-devel-linux-x86_64-debian-clang | 1.3-42 | 13.62 | 112.97 | 126.59 | OK | |
r-devel-linux-x86_64-debian-gcc | 1.3-42 | 10.48 | 85.17 | 95.65 | OK | |
r-devel-linux-x86_64-fedora-clang | 1.3-42 | 159.59 | NOTE | |||
r-devel-linux-x86_64-fedora-gcc | 1.3-42 | 147.39 | OK | |||
r-devel-windows-x86_64 | 1.3-42 | 12.00 | 105.00 | 117.00 | OK | |
r-patched-linux-x86_64 | 1.3-42 | 17.96 | 107.42 | 125.38 | OK | |
r-release-linux-x86_64 | 1.3-42 | 11.10 | 110.72 | 121.82 | OK | |
r-release-macos-arm64 | 1.3-42 | 45.00 | OK | |||
r-release-windows-x86_64 | 1.3-42 | 11.00 | 106.00 | 117.00 | OK | |
r-oldrel-macos-arm64 | 1.3-42 | 52.00 | OK | |||
r-oldrel-macos-x86_64 | 1.3-42 | 119.00 | OK | |||
r-oldrel-windows-x86_64 | 1.3-42 | 15.00 | 135.00 | 150.00 | OK |
Version: 1.3-42
Check: Rd cross-references
Result: NOTE
Undeclared packages ‘multcomp’, ‘agricolae’ in Rd xrefs
Flavor: r-devel-linux-x86_64-fedora-clang