Last updated on 2025-10-22 11:51:30 CEST.
Flavor | Version | Tinstall | Tcheck | Ttotal | Status | Flags |
---|---|---|---|---|---|---|
r-devel-linux-x86_64-debian-clang | 1.0.1 | 3.86 | 51.99 | 55.85 | NOTE | |
r-devel-linux-x86_64-debian-gcc | 1.0.1 | 2.69 | 36.43 | 39.12 | NOTE | |
r-devel-linux-x86_64-fedora-clang | 1.0.1 | 86.69 | OK | |||
r-devel-linux-x86_64-fedora-gcc | 1.0.1 | 102.65 | OK | |||
r-devel-windows-x86_64 | 1.0.1 | 5.00 | 67.00 | 72.00 | OK | |
r-patched-linux-x86_64 | 1.0.1 | 3.88 | 49.33 | 53.21 | OK | |
r-release-linux-x86_64 | 1.0.1 | 3.66 | 49.10 | 52.76 | OK | |
r-release-macos-arm64 | 1.0.1 | 2.00 | 29.00 | 31.00 | OK | |
r-release-macos-x86_64 | 1.0.1 | 3.00 | 57.00 | 60.00 | OK | |
r-release-windows-x86_64 | 1.0.1 | 5.00 | 70.00 | 75.00 | OK | |
r-oldrel-macos-arm64 | 1.0.1 | 2.00 | 47.00 | 49.00 | OK | |
r-oldrel-macos-x86_64 | 1.0.1 | 8.00 | 108.00 | 116.00 | OK | |
r-oldrel-windows-x86_64 | 1.0.1 | 6.00 | 84.00 | 90.00 | OK |
Version: 1.0.1
Check: HTML version of manual
Result: NOTE
Found the following HTML validation problems:
db1.html:49:1 (db1.Rd:13): Warning: missing </ul> before </div>
db2.html:49:1 (db2.Rd:13): Warning: missing </ul> before </div>
db3.html:50:1 (db3.Rd:14): Warning: missing </ul> before </div>
db4.html:49:1 (db4.Rd:13): Warning: missing </ul> before </div>
db5.html:50:1 (db5.Rd:14): Warning: missing </ul> before </div>
db6.html:49:1 (db6.Rd:13): Warning: missing </ul> before </div>
Flavors: r-devel-linux-x86_64-debian-clang, r-devel-linux-x86_64-debian-gcc