CRAN Package Check Results for Package VAR.etp

Last updated on 2025-10-21 23:51:17 CEST.

Flavor Version Tinstall Tcheck Ttotal Status Flags
r-devel-linux-x86_64-debian-clang 1.1 4.43 39.56 43.99 NOTE
r-devel-linux-x86_64-debian-gcc 1.1 3.41 27.51 30.92 NOTE
r-devel-linux-x86_64-fedora-clang 1.1 10.00 59.30 69.30 OK
r-devel-linux-x86_64-fedora-gcc 1.1 65.96 OK
r-devel-windows-x86_64 1.1 5.00 53.00 58.00 OK
r-patched-linux-x86_64 1.1 4.16 37.49 41.65 OK
r-release-linux-x86_64 1.1 4.12 37.31 41.43 OK
r-release-macos-arm64 1.1 2.00 19.00 21.00 OK
r-release-macos-x86_64 1.1 4.00 33.00 37.00 OK
r-release-windows-x86_64 1.1 6.00 59.00 65.00 OK
r-oldrel-macos-arm64 1.1 2.00 19.00 21.00 OK
r-oldrel-macos-x86_64 1.1 3.00 27.00 30.00 OK
r-oldrel-windows-x86_64 1.1 4.00 53.00 57.00 OK

Check Details

Version: 1.1
Check: CRAN incoming feasibility
Result: NOTE Maintainer: ‘Jae H. Kim <jaekim8080@gmail.com>’ No Authors@R field in DESCRIPTION. Please add one, modifying Authors@R: c(person(given = c("Jae.", "H."), family = "Kim", role = "aut"), person(given = c("Jae", "H."), family = "Kim", role = "cre", email = "jaekim8080@gmail.com")) as necessary. Flavors: r-devel-linux-x86_64-debian-clang, r-devel-linux-x86_64-debian-gcc