CRAN Package Check Results for Package VARshrink

Last updated on 2025-10-21 17:50:08 CEST.

Flavor Version Tinstall Tcheck Ttotal Status Flags
r-devel-linux-x86_64-debian-clang 0.3.1 5.44 250.98 256.42 NOTE
r-devel-linux-x86_64-debian-gcc 0.3.1 3.15 140.71 143.86 NOTE
r-devel-linux-x86_64-fedora-clang 0.3.1 13.00 411.43 424.43 NOTE
r-devel-linux-x86_64-fedora-gcc 0.3.1 14.00 395.60 409.60 NOTE
r-devel-windows-x86_64 0.3.1 7.00 212.00 219.00 NOTE
r-patched-linux-x86_64 0.3.1 5.87 242.01 247.88 NOTE
r-release-linux-x86_64 0.3.1 5.77 238.54 244.31 NOTE
r-release-macos-arm64 0.3.1 3.00 85.00 88.00 NOTE
r-release-macos-x86_64 0.3.1 5.00 223.00 228.00 NOTE
r-release-windows-x86_64 0.3.1 7.00 213.00 220.00 NOTE
r-oldrel-macos-arm64 0.3.1 3.00 81.00 84.00 NOTE
r-oldrel-macos-x86_64 0.3.1 4.00 162.00 166.00 NOTE
r-oldrel-windows-x86_64 0.3.1 9.00 313.00 322.00 NOTE

Check Details

Version: 0.3.1
Check: Rd files
Result: NOTE checkRd: (-1) Acoef_sh.Rd:23: Lost braces; missing escapes or markup? 23 | The function returns the K-by-K matrices {A_1, ..., A_p} as a list object. | ^ checkRd: (-1) VARshrink.Rd:58: Lost braces; missing escapes or markup? 58 | Consider VAR(p) model: y_t = A_1 y_{t-1} + ... + A_p y_{t-p} + C d_t + e_t, | ^ checkRd: (-1) VARshrink.Rd:58: Lost braces; missing escapes or markup? 58 | Consider VAR(p) model: y_t = A_1 y_{t-1} + ... + A_p y_{t-p} + C d_t + e_t, | ^ Flavors: r-devel-linux-x86_64-debian-clang, r-devel-linux-x86_64-debian-gcc, r-devel-linux-x86_64-fedora-clang, r-devel-linux-x86_64-fedora-gcc, r-devel-windows-x86_64, r-patched-linux-x86_64, r-release-linux-x86_64, r-release-macos-arm64, r-release-macos-x86_64, r-release-windows-x86_64, r-oldrel-macos-arm64, r-oldrel-macos-x86_64, r-oldrel-windows-x86_64

Version: 0.3.1
Check: HTML version of manual
Result: NOTE Found the following HTML validation problems: predict.varshrinkest.html:72:1 (predict.varshrinkest.Rd:24): Warning: missing </ul> before </div> summary.shrinklm.html:64:1 (summary.shrinklm.Rd:19): Warning: missing </ul> before </div> Flavors: r-devel-linux-x86_64-debian-clang, r-devel-linux-x86_64-debian-gcc

Version: 0.3.1
Check: LazyData
Result: NOTE 'LazyData' is specified without a 'data' directory Flavors: r-oldrel-macos-arm64, r-oldrel-macos-x86_64, r-oldrel-windows-x86_64