Last updated on 2025-10-21 11:53:44 CEST.
Flavor | Version | Tinstall | Tcheck | Ttotal | Status | Flags |
---|---|---|---|---|---|---|
r-devel-linux-x86_64-debian-clang | 2.4.9 | 15.52 | 92.59 | 108.11 | NOTE | |
r-devel-linux-x86_64-debian-gcc | 2.4.9 | 11.79 | 65.66 | 77.45 | NOTE | |
r-devel-linux-x86_64-fedora-clang | 2.4.9 | 162.65 | OK | |||
r-devel-linux-x86_64-fedora-gcc | 2.4.9 | 34.00 | 120.74 | 154.74 | OK | |
r-devel-windows-x86_64 | 2.4.9 | 21.00 | 101.00 | 122.00 | OK | |
r-patched-linux-x86_64 | 2.4.9 | 13.24 | 86.76 | 100.00 | OK | |
r-release-linux-x86_64 | 2.4.9 | 13.26 | 84.70 | 97.96 | OK | |
r-release-macos-arm64 | 2.4.9 | 37.00 | OK | |||
r-release-macos-x86_64 | 2.4.9 | 13.00 | 51.00 | 64.00 | OK | |
r-release-windows-x86_64 | 2.4.9 | 23.00 | 108.00 | 131.00 | OK | |
r-oldrel-macos-arm64 | 2.4.9 | 49.00 | OK | |||
r-oldrel-macos-x86_64 | 2.4.9 | 69.00 | OK | |||
r-oldrel-windows-x86_64 | 2.4.9 | 27.00 | 131.00 | 158.00 | OK |
Version: 2.4.9
Check: CRAN incoming feasibility
Result: NOTE
Maintainer: ‘Michael Salter-Townshend <mike.saltertownshend@gmail.com>’
No Authors@R field in DESCRIPTION.
Please add one, modifying
Authors@R: person(given = "Michael",
family = "Salter-Townshend",
role = c("aut", "cre"),
email = "mike.saltertownshend@gmail.com")
as necessary.
Flavors: r-devel-linux-x86_64-debian-clang, r-devel-linux-x86_64-debian-gcc