Last updated on 2025-10-21 17:50:08 CEST.
Flavor | Version | Tinstall | Tcheck | Ttotal | Status | Flags |
---|---|---|---|---|---|---|
r-devel-linux-x86_64-debian-clang | 0.0-8 | 13.96 | 114.03 | 127.99 | NOTE | |
r-devel-linux-x86_64-debian-gcc | 0.0-8 | 9.49 | 77.07 | 86.56 | NOTE | |
r-devel-linux-x86_64-fedora-clang | 0.0-8 | 31.00 | 168.42 | 199.42 | OK | |
r-devel-linux-x86_64-fedora-gcc | 0.0-8 | 30.00 | 156.71 | 186.71 | OK | |
r-devel-windows-x86_64 | 0.0-8 | 14.00 | 136.00 | 150.00 | OK | |
r-patched-linux-x86_64 | 0.0-8 | 16.95 | 108.80 | 125.75 | OK | |
r-release-linux-x86_64 | 0.0-8 | 13.23 | 108.13 | 121.36 | OK | |
r-release-macos-arm64 | 0.0-8 | 7.00 | 45.00 | 52.00 | OK | |
r-release-macos-x86_64 | 0.0-8 | 15.00 | 83.00 | 98.00 | OK | |
r-release-windows-x86_64 | 0.0-8 | 14.00 | 136.00 | 150.00 | OK | |
r-oldrel-macos-arm64 | 0.0-8 | 6.00 | 48.00 | 54.00 | OK | |
r-oldrel-macos-x86_64 | 0.0-8 | 17.00 | 89.00 | 106.00 | OK | |
r-oldrel-windows-x86_64 | 0.0-8 | 13.00 | 169.00 | 182.00 | OK |
Version: 0.0-8
Check: HTML version of manual
Result: NOTE
Found the following HTML validation problems:
break.VGAMextra.html:184:1 (break.VGAMextra.Rd:168): Warning: <h3> anchor "Warning" already defined
Flavors: r-devel-linux-x86_64-debian-clang, r-devel-linux-x86_64-debian-gcc