Last updated on 2025-10-21 23:51:17 CEST.
Flavor | Version | Tinstall | Tcheck | Ttotal | Status | Flags |
---|---|---|---|---|---|---|
r-devel-linux-x86_64-debian-clang | 6.2.6 | 29.59 | 192.96 | 222.55 | NOTE | |
r-devel-linux-x86_64-debian-gcc | 6.2.6 | 17.49 | 140.49 | 157.98 | NOTE | |
r-devel-linux-x86_64-fedora-clang | 6.2.6 | 59.00 | 300.86 | 359.86 | OK | |
r-devel-linux-x86_64-fedora-gcc | 6.2.6 | 60.00 | 296.92 | 356.92 | OK | |
r-devel-windows-x86_64 | 6.2.6 | 34.00 | 202.00 | 236.00 | OK | |
r-patched-linux-x86_64 | 6.2.6 | 29.92 | 194.91 | 224.83 | OK | |
r-release-linux-x86_64 | 6.2.6 | 23.99 | 193.59 | 217.58 | OK | |
r-release-macos-arm64 | 6.2.6 | 13.00 | 103.00 | 116.00 | OK | |
r-release-macos-x86_64 | 6.2.6 | 25.00 | 154.00 | 179.00 | OK | |
r-release-windows-x86_64 | 6.2.6 | 33.00 | 201.00 | 234.00 | OK | |
r-oldrel-macos-arm64 | 6.2.6 | 13.00 | 109.00 | 122.00 | NOTE | |
r-oldrel-macos-x86_64 | 6.2.6 | 22.00 | 185.00 | 207.00 | NOTE | |
r-oldrel-windows-x86_64 | 6.2.6 | 42.00 | 265.00 | 307.00 | NOTE |
Version: 6.2.6
Check: HTML version of manual
Result: NOTE
Found the following HTML validation problems:
maxCat.html:51:1 (maxCat.Rd:12): Warning: missing </ul> before </div>
Flavors: r-devel-linux-x86_64-debian-clang, r-devel-linux-x86_64-debian-gcc
Version: 6.2.6
Check: installed package size
Result: NOTE
installed size is 5.3Mb
sub-directories of 1Mb or more:
doc 2.7Mb
libs 1.1Mb
Flavors: r-oldrel-macos-arm64, r-oldrel-macos-x86_64, r-oldrel-windows-x86_64