Last updated on 2025-10-21 23:51:17 CEST.
Flavor | Version | Tinstall | Tcheck | Ttotal | Status | Flags |
---|---|---|---|---|---|---|
r-devel-linux-x86_64-debian-clang | 2.1.3.2 | 205.76 | 150.54 | 356.30 | NOTE | |
r-devel-linux-x86_64-debian-gcc | 2.1.3.2 | 126.77 | 100.36 | 227.13 | NOTE | |
r-devel-linux-x86_64-fedora-clang | 2.1.3.2 | 299.00 | 394.74 | 693.74 | OK | |
r-devel-linux-x86_64-fedora-gcc | 2.1.3.2 | 283.00 | 315.66 | 598.66 | OK | |
r-devel-windows-x86_64 | 2.1.3.2 | 236.00 | 164.00 | 400.00 | OK | |
r-patched-linux-x86_64 | 2.1.3.2 | 205.39 | 130.38 | 335.77 | OK | |
r-release-linux-x86_64 | 2.1.3.2 | 205.56 | 130.14 | 335.70 | OK | |
r-release-macos-arm64 | 2.1.3.2 | 81.00 | 78.00 | 159.00 | OK | |
r-release-macos-x86_64 | 2.1.3.2 | 72.00 | 147.00 | 219.00 | OK | |
r-release-windows-x86_64 | 2.1.3.2 | 242.00 | 162.00 | 404.00 | OK | |
r-oldrel-macos-arm64 | 2.1.3.2 | 78.00 | 80.00 | 158.00 | NOTE | |
r-oldrel-macos-x86_64 | 2.1.3.2 | 77.00 | 161.00 | 238.00 | NOTE | |
r-oldrel-windows-x86_64 | 2.1.3.2 | 282.00 | 210.00 | 492.00 | OK |
Version: 2.1.3.2
Check: HTML version of manual
Result: NOTE
Found the following HTML validation problems:
print-methods.html:47:1 (print-methods.Rd:12): Warning: missing </ul> before </div>
summary-methods.html:47:1 (summary-methods.Rd:12): Warning: missing </ul> before </div>
Flavors: r-devel-linux-x86_64-debian-clang, r-devel-linux-x86_64-debian-gcc
Version: 2.1.3.2
Check: installed package size
Result: NOTE
installed size is 8.9Mb
sub-directories of 1Mb or more:
libs 7.7Mb
Flavors: r-oldrel-macos-arm64, r-oldrel-macos-x86_64