Last updated on 2025-10-21 11:53:44 CEST.
Flavor | Version | Tinstall | Tcheck | Ttotal | Status | Flags |
---|---|---|---|---|---|---|
r-devel-linux-x86_64-debian-clang | 1.4.2 | 16.80 | 136.98 | 153.78 | NOTE | |
r-devel-linux-x86_64-debian-gcc | 1.4.2 | 12.84 | 98.27 | 111.11 | NOTE | |
r-devel-linux-x86_64-fedora-clang | 1.4.2 | 236.76 | OK | |||
r-devel-linux-x86_64-fedora-gcc | 1.4.2 | 36.00 | 207.89 | 243.89 | OK | |
r-devel-windows-x86_64 | 1.4.2 | 19.00 | 138.00 | 157.00 | OK | |
r-patched-linux-x86_64 | 1.4.2 | 17.36 | 127.68 | 145.04 | OK | |
r-release-linux-x86_64 | 1.4.2 | 16.59 | 126.83 | 143.42 | OK | |
r-release-macos-arm64 | 1.4.2 | 81.00 | OK | |||
r-release-macos-x86_64 | 1.4.2 | 17.00 | 129.00 | 146.00 | OK | |
r-release-windows-x86_64 | 1.4.2 | 25.00 | 141.00 | 166.00 | OK | |
r-oldrel-macos-arm64 | 1.4.2 | 90.00 | OK | |||
r-oldrel-macos-x86_64 | 1.4.2 | 151.00 | OK | |||
r-oldrel-windows-x86_64 | 1.4.2 | 25.00 | 180.00 | 205.00 | OK |
Version: 1.4.2
Check: HTML version of manual
Result: NOTE
Found the following HTML validation problems:
MNImap_hip.html:53:1 (MNImap_hip.Rd:14): Warning: missing </ul> before </div>
ROImap_fs5.html:55:1 (ROImap_fs5.Rd:15): Warning: missing </ul> before </div>
ROImap_fs6.html:55:1 (ROImap_fs6.Rd:15): Warning: missing </ul> before </div>
ROImap_fslr32k.html:55:1 (ROImap_fslr32k.Rd:15): Warning: missing </ul> before </div>
ROImap_hip.html:55:1 (ROImap_hip.Rd:15): Warning: missing </ul> before </div>
edgelist_hip.html:51:1 (edgelist_hip.Rd:13): Warning: missing </ul> before </div>
fs6_to_fs5_map.html:53:1 (fs6_to_fs5_map.Rd:14): Warning: missing </ul> before </div>
hip_points_cells.html:57:1 (hip_points_cells.Rd:16): Warning: missing </ul> before </div>
Flavors: r-devel-linux-x86_64-debian-clang, r-devel-linux-x86_64-debian-gcc