Last updated on 2025-10-24 11:51:03 CEST.
| Flavor | Version | Tinstall | Tcheck | Ttotal | Status | Flags |
|---|---|---|---|---|---|---|
| r-devel-linux-x86_64-debian-clang | 0.1.4 | 10.59 | 151.66 | 162.25 | OK | |
| r-devel-linux-x86_64-debian-gcc | 0.1.4 | 8.05 | 116.79 | 124.84 | OK | |
| r-devel-linux-x86_64-fedora-clang | 0.1.4 | 50.00 | 186.07 | 236.07 | OK | |
| r-devel-linux-x86_64-fedora-gcc | 0.1.4 | 24.00 | 206.84 | 230.84 | OK | |
| r-devel-windows-x86_64 | 0.1.4 | 12.00 | 112.00 | 124.00 | OK | |
| r-patched-linux-x86_64 | 0.1.4 | 10.75 | 145.70 | 156.45 | OK | |
| r-release-linux-x86_64 | 0.1.4 | 10.47 | 145.91 | 156.38 | OK | |
| r-release-macos-arm64 | 0.1.4 | 4.00 | 52.00 | 56.00 | OK | |
| r-release-macos-x86_64 | 0.1.4 | 15.00 | 100.00 | 115.00 | OK | |
| r-release-windows-x86_64 | 0.1.4 | 12.00 | 114.00 | 126.00 | OK | |
| r-oldrel-macos-arm64 | 0.1.4 | 6.00 | 52.00 | 58.00 | NOTE | |
| r-oldrel-macos-x86_64 | 0.1.4 | 10.00 | 94.00 | 104.00 | NOTE | |
| r-oldrel-windows-x86_64 | 0.1.4 | 18.00 | 148.00 | 166.00 | NOTE |
Version: 0.1.4
Check: package dependencies
Result: NOTE
Package suggested but not available for checking: ‘wmtsa’
Flavors: r-oldrel-macos-arm64, r-oldrel-macos-x86_64, r-oldrel-windows-x86_64