Last updated on 2025-10-22 11:51:31 CEST.
Flavor | Version | Tinstall | Tcheck | Ttotal | Status | Flags |
---|---|---|---|---|---|---|
r-devel-linux-x86_64-debian-clang | 2.3.3 | 6.72 | 57.83 | 64.55 | NOTE | |
r-devel-linux-x86_64-debian-gcc | 2.3.3 | 4.74 | 40.15 | 44.89 | NOTE | |
r-devel-linux-x86_64-fedora-clang | 2.3.3 | 42.00 | 58.84 | 100.84 | NOTE | |
r-devel-linux-x86_64-fedora-gcc | 2.3.3 | 15.00 | 76.39 | 91.39 | NOTE | |
r-devel-windows-x86_64 | 2.3.3 | 8.00 | 81.00 | 89.00 | NOTE | |
r-patched-linux-x86_64 | 2.3.3 | 6.90 | 51.44 | 58.34 | NOTE | |
r-release-linux-x86_64 | 2.3.3 | 6.45 | 52.27 | 58.72 | NOTE | |
r-release-macos-arm64 | 2.3.3 | 3.00 | 50.00 | 53.00 | NOTE | |
r-release-macos-x86_64 | 2.3.3 | 6.00 | 73.00 | 79.00 | NOTE | |
r-release-windows-x86_64 | 2.3.3 | 8.00 | 85.00 | 93.00 | NOTE | |
r-oldrel-macos-arm64 | 2.3.3 | 3.00 | 50.00 | 53.00 | NOTE | |
r-oldrel-macos-x86_64 | 2.3.3 | 6.00 | 63.00 | 69.00 | NOTE | |
r-oldrel-windows-x86_64 | 2.3.3 | 12.00 | 102.00 | 114.00 | NOTE |
Version: 2.3.3
Check: Rd files
Result: NOTE
checkRd: (-1) get_geo_box.Rd:37-38: Lost braces in \itemize; \value handles \item{}{} directly
checkRd: (-1) get_geo_box.Rd:39-40: Lost braces in \itemize; \value handles \item{}{} directly
checkRd: (-1) get_geo_box.Rd:41: Lost braces in \itemize; \value handles \item{}{} directly
checkRd: (-1) get_geo_box.Rd:42: Lost braces in \itemize; \value handles \item{}{} directly
checkRd: (-1) get_geo_box.Rd:43-44: Lost braces in \itemize; \value handles \item{}{} directly
checkRd: (-1) get_geo_entity.Rd:27-28: Lost braces in \itemize; \value handles \item{}{} directly
checkRd: (-1) get_geo_entity.Rd:29-30: Lost braces in \itemize; \value handles \item{}{} directly
checkRd: (-1) get_geo_entity.Rd:31: Lost braces in \itemize; \value handles \item{}{} directly
checkRd: (-1) get_geo_entity.Rd:32: Lost braces in \itemize; \value handles \item{}{} directly
checkRd: (-1) get_geo_entity.Rd:33-34: Lost braces in \itemize; \value handles \item{}{} directly
Flavors: r-devel-linux-x86_64-debian-clang, r-devel-linux-x86_64-debian-gcc, r-devel-linux-x86_64-fedora-clang, r-devel-linux-x86_64-fedora-gcc, r-devel-windows-x86_64, r-patched-linux-x86_64, r-release-linux-x86_64, r-release-macos-arm64, r-release-macos-x86_64, r-release-windows-x86_64, r-oldrel-macos-arm64, r-oldrel-macos-x86_64, r-oldrel-windows-x86_64
Version: 2.3.3
Check: HTML version of manual
Result: NOTE
Found the following HTML validation problems:
print.find_item.html:51:1 (print.find_item.Rd:12): Warning: missing </ul> before </div>
print.find_property.html:51:1 (print.find_property.Rd:12): Warning: missing </ul> before </div>
Flavors: r-devel-linux-x86_64-debian-clang, r-devel-linux-x86_64-debian-gcc