CRAN Package Check Results for Package WikipediR

Last updated on 2025-10-22 23:50:18 CEST.

Flavor Version Tinstall Tcheck Ttotal Status Flags
r-devel-linux-x86_64-debian-clang 1.7.1 2.22 29.67 31.89 NOTE
r-devel-linux-x86_64-debian-gcc 1.7.1 1.86 23.03 24.89 NOTE
r-devel-linux-x86_64-fedora-clang 1.7.1 14.00 38.04 52.04 OK
r-devel-linux-x86_64-fedora-gcc 1.7.1 61.39 OK
r-devel-windows-x86_64 1.7.1 4.00 50.00 54.00 OK
r-patched-linux-x86_64 1.7.1 2.75 28.02 30.77 OK
r-release-linux-x86_64 1.7.1 2.22 28.13 30.35 OK
r-release-macos-arm64 1.7.1 1.00 29.00 30.00 OK
r-release-macos-x86_64 1.7.1 2.00 44.00 46.00 OK
r-release-windows-x86_64 1.7.1 4.00 52.00 56.00 OK
r-oldrel-macos-arm64 1.7.1 1.00 24.00 25.00 OK
r-oldrel-macos-x86_64 1.7.1 2.00 32.00 34.00 OK
r-oldrel-windows-x86_64 1.7.1 5.00 60.00 65.00 OK

Check Details

Version: 1.7.1
Check: CRAN incoming feasibility
Result: NOTE Maintainer: ‘Os Keyes <ironholds@gmail.com>’ No Authors@R field in DESCRIPTION. Please add one, modifying Authors@R: c(person(given = "Os", family = "Keyes", role = c("aut", "cre"), email = "ironholds@gmail.com"), person(given = "Brock", family = "Tilbert", role = "ctb"), person(given = "Clemens", family = "Schmid", role = "aut")) as necessary. Flavors: r-devel-linux-x86_64-debian-clang, r-devel-linux-x86_64-debian-gcc

Version: 1.7.1
Check: HTML version of manual
Result: NOTE Found the following HTML validation problems: query.html:65:1 (query.Rd:20): Warning: missing </ul> before </div> recent_changes.html:121:1 (recent_changes.Rd:64): Warning: missing </ul> before </div> Flavor: r-devel-linux-x86_64-debian-clang