Last updated on 2025-10-22 05:51:32 CEST.
Flavor | Version | Tinstall | Tcheck | Ttotal | Status | Flags |
---|---|---|---|---|---|---|
r-devel-linux-x86_64-debian-clang | 0.1.2 | 16.36 | 349.64 | 366.00 | NOTE | |
r-devel-linux-x86_64-debian-gcc | 0.1.2 | 10.96 | 239.09 | 250.05 | NOTE | |
r-devel-linux-x86_64-fedora-clang | 0.1.2 | 39.00 | 570.41 | 609.41 | OK | |
r-devel-linux-x86_64-fedora-gcc | 0.1.2 | 34.00 | 521.40 | 555.40 | OK | |
r-devel-windows-x86_64 | 0.1.2 | 18.00 | 304.00 | 322.00 | OK | |
r-patched-linux-x86_64 | 0.1.2 | 16.77 | 340.28 | 357.05 | OK | |
r-release-linux-x86_64 | 0.1.2 | 14.16 | 341.12 | 355.28 | OK | |
r-release-macos-arm64 | 0.1.2 | 7.00 | 198.00 | 205.00 | OK | |
r-release-macos-x86_64 | 0.1.2 | 11.00 | 384.00 | 395.00 | OK | |
r-release-windows-x86_64 | 0.1.2 | 20.00 | 302.00 | 322.00 | OK | |
r-oldrel-macos-arm64 | 0.1.2 | 8.00 | 227.00 | 235.00 | OK | |
r-oldrel-macos-x86_64 | 0.1.2 | 10.00 | 387.00 | 397.00 | OK | |
r-oldrel-windows-x86_64 | 0.1.2 | 26.00 | 418.00 | 444.00 | OK |
Version: 0.1.2
Check: HTML version of manual
Result: NOTE
Found the following HTML validation problems:
AllGenerics_component.html:134:1 (AllGenerics_component.Rd:73): Warning: missing </ul> before </div>
Flavors: r-devel-linux-x86_64-debian-clang, r-devel-linux-x86_64-debian-gcc