Last updated on 2025-10-24 05:51:03 CEST.
| Flavor | Version | Tinstall | Tcheck | Ttotal | Status | Flags |
|---|---|---|---|---|---|---|
| r-devel-linux-x86_64-debian-clang | 1.6.5 | 163.29 | 192.47 | 355.76 | OK | |
| r-devel-linux-x86_64-debian-gcc | 1.6.5 | 117.90 | 116.42 | 234.32 | OK | |
| r-devel-linux-x86_64-fedora-clang | 1.6.5 | 175.00 | 450.92 | 625.92 | NOTE | |
| r-devel-linux-x86_64-fedora-gcc | 1.6.5 | 160.00 | 499.36 | 659.36 | NOTE | |
| r-devel-windows-x86_64 | 1.6.5 | 185.00 | 181.00 | 366.00 | OK | |
| r-patched-linux-x86_64 | 1.6.5 | 182.42 | 183.44 | 365.86 | OK | |
| r-release-linux-x86_64 | 1.6.5 | 186.57 | 180.73 | 367.30 | OK | |
| r-release-macos-arm64 | 1.6.5 | 58.00 | 70.00 | 128.00 | OK | |
| r-release-macos-x86_64 | 1.6.5 | 58.00 | 176.00 | 234.00 | OK | |
| r-release-windows-x86_64 | 1.6.5 | 183.00 | 182.00 | 365.00 | OK | |
| r-oldrel-macos-arm64 | 1.6.5 | 59.00 | 89.00 | 148.00 | NOTE | |
| r-oldrel-macos-x86_64 | 1.6.5 | 54.00 | 187.00 | 241.00 | NOTE | |
| r-oldrel-windows-x86_64 | 1.6.5 | 214.00 | 246.00 | 460.00 | OK |
Version: 1.6.5
Check: dependencies in R code
Result: NOTE
Namespace in Imports field not imported from: ‘MASS’
All declared Imports should be used.
Flavors: r-devel-linux-x86_64-fedora-clang, r-devel-linux-x86_64-fedora-gcc
Version: 1.6.5
Check: installed package size
Result: NOTE
installed size is 15.9Mb
sub-directories of 1Mb or more:
doc 2.4Mb
libs 13.2Mb
Flavors: r-oldrel-macos-arm64, r-oldrel-macos-x86_64