Last updated on 2025-10-21 17:50:08 CEST.
Flavor | Version | Tinstall | Tcheck | Ttotal | Status | Flags |
---|---|---|---|---|---|---|
r-devel-linux-x86_64-debian-clang | 0.11-3 | 6.70 | 40.88 | 47.58 | NOTE | |
r-devel-linux-x86_64-debian-gcc | 0.11-3 | 4.19 | 30.39 | 34.58 | NOTE | |
r-devel-linux-x86_64-fedora-clang | 0.11-3 | 14.00 | 58.96 | 72.96 | OK | |
r-devel-linux-x86_64-fedora-gcc | 0.11-3 | 14.00 | 68.61 | 82.61 | OK | |
r-devel-windows-x86_64 | 0.11-3 | 6.00 | 58.00 | 64.00 | OK | |
r-patched-linux-x86_64 | 0.11-3 | 7.30 | 37.57 | 44.87 | OK | |
r-release-linux-x86_64 | 0.11-3 | 6.51 | 37.59 | 44.10 | OK | |
r-release-macos-arm64 | 0.11-3 | 3.00 | 28.00 | 31.00 | OK | |
r-release-macos-x86_64 | 0.11-3 | 5.00 | 52.00 | 57.00 | OK | |
r-release-windows-x86_64 | 0.11-3 | 8.00 | 60.00 | 68.00 | OK | |
r-oldrel-macos-arm64 | 0.11-3 | 3.00 | 40.00 | 43.00 | OK | |
r-oldrel-macos-x86_64 | 0.11-3 | 10.00 | 102.00 | 112.00 | OK | |
r-oldrel-windows-x86_64 | 0.11-3 | 11.00 | 73.00 | 84.00 | OK |
Version: 0.11-3
Check: top-level files
Result: NOTE
Found the following validation problem for the NEWS.Rd HTML conversion:
NEWS.html:77:1 (inst/NEWS.Rd:33): Warning: <h4> anchor "changed" already defined
NEWS.html:160:1 (inst/NEWS.Rd:80): Warning: <h4> anchor "fixed" already defined
NEWS.html:172:1 (inst/NEWS.Rd:86): Warning: <h4> anchor "added" already defined
NEWS.html:188:1 (inst/NEWS.Rd:94): Warning: <h4> anchor "fixed" already defined
NEWS.html:200:1 (inst/NEWS.Rd:100): Warning: <h4> anchor "changed" already defined
NEWS.html:216:1 (inst/NEWS.Rd:108): Warning: <h4> anchor "fixed" already defined
NEWS.html:229:1 (inst/NEWS.Rd:115): Warning: <h4> anchor "added" already defined
NEWS.html:256:1 (inst/NEWS.Rd:126): Warning: <h4> anchor "changed" already defined
NEWS.html:283:1 (inst/NEWS.Rd:139): Warning: <h4> anchor "changed" already defined
NEWS.html:294:1 (inst/NEWS.Rd:144): Warning: <h4> anchor "fixed" already defined
NEWS.html:318:1 (inst/NEWS.Rd:156): Warning: <h4> anchor "fixed" already defined
NEWS.html:330:1 (inst/NEWS.Rd:162): Warning: <h4> anchor "changed" already defined
NEWS.html:346:1 (inst/NEWS.Rd:170): Warning: <h4> anchor "added" already defined
NEWS.html:363:1 (inst/NEWS.Rd:179): Warning: <h4> anchor "changed" already defined
NEWS.html:382:1 (inst/NEWS.Rd:188): Warning: <h4> anchor "changed" already defined
NEWS.html:399:1 (inst/NEWS.Rd:197): Warning: <h4> anchor "added" already defined
NEWS.html:415:1 (inst/NEWS.Rd:205): Warning: <h4> anchor "changed" already defined
NEWS.html:426:1 (inst/NEWS.Rd:210): Warning: <h4> anchor "added" already defined
NEWS.html:444:1 (inst/NEWS.Rd:218): Warning: <h4> anchor "added" already defined
NEWS.html:463:1 (inst/NEWS.Rd:227): Warning: <h4> anchor "added" already defined
NEWS.html:480:1 (inst/NEWS.Rd:234): Warning: <h4> anchor "fixed" already defined
NEWS.html:505:1 (inst/NEWS.Rd:247): Warning: <h4> anchor "changed" already defined
NEWS.html:521:1 (inst/NEWS.Rd:255): Warning: <h4> anchor "fixed" already defined
NEWS.html:533:1 (inst/NEWS.Rd:261): Warning: <h4> anchor "changed" already defined
NEWS.html:549:1 (inst/NEWS.Rd:269): Warning: <h4> anchor "added" already defined
NEWS.html:561:1 (inst/NEWS.Rd:275): Warning: <h4> anchor "changed" already defined
NEWS.html:576:1 (inst/NEWS.Rd:282): Warning: <h4> anchor "added" already defined
NEWS.html:590:1 (inst/NEWS.Rd:288): Warning: <h4> anchor "changed" already defined
NEWS.html:606:1 (inst/NEWS.Rd:296): Warning: <h4> anchor "fixed" already defined
Flavors: r-devel-linux-x86_64-debian-clang, r-devel-linux-x86_64-debian-gcc