CRAN Package Check Results for Package YPInterimTesting

Last updated on 2025-10-21 17:50:09 CEST.

Flavor Version Tinstall Tcheck Ttotal Status Flags
r-devel-linux-x86_64-debian-clang 1.0.3 10.33 31.78 42.11 NOTE
r-devel-linux-x86_64-debian-gcc 1.0.3 7.49 25.46 32.95 NOTE
r-devel-linux-x86_64-fedora-clang 1.0.3 26.00 42.14 68.14 OK
r-devel-linux-x86_64-fedora-gcc 1.0.3 28.00 35.52 63.52 OK
r-devel-windows-x86_64 1.0.3 13.00 62.00 75.00 OK
r-patched-linux-x86_64 1.0.3 10.67 29.05 39.72 OK
r-release-linux-x86_64 1.0.3 9.92 29.08 39.00 OK
r-release-macos-arm64 1.0.3 5.00 19.00 24.00 OK
r-release-macos-x86_64 1.0.3 9.00 32.00 41.00 OK
r-release-windows-x86_64 1.0.3 13.00 64.00 77.00 OK
r-oldrel-macos-arm64 1.0.3 5.00 17.00 22.00 OK
r-oldrel-macos-x86_64 1.0.3 8.00 26.00 34.00 OK
r-oldrel-windows-x86_64 1.0.3 16.00 77.00 93.00 OK

Check Details

Version: 1.0.3
Check: CRAN incoming feasibility
Result: NOTE Maintainer: ‘Daewoo Pak <heavyrain.pak@gmail.com>’ No Authors@R field in DESCRIPTION. Please add one, modifying Authors@R: c(person(given = "Daewoo", family = "Pak", role = c("aut", "cre"), email = "heavyrain.pak@gmail.com"), person(given = "Song", family = "Yang", role = "aut")) as necessary. Flavors: r-devel-linux-x86_64-debian-clang, r-devel-linux-x86_64-debian-gcc