Last updated on 2025-10-21 17:50:09 CEST.
Flavor | Version | Tinstall | Tcheck | Ttotal | Status | Flags |
---|---|---|---|---|---|---|
r-devel-linux-x86_64-debian-clang | 0.2 | 7.23 | 68.95 | 76.18 | NOTE | |
r-devel-linux-x86_64-debian-gcc | 0.2 | 5.42 | 50.22 | 55.64 | NOTE | |
r-devel-linux-x86_64-fedora-clang | 0.2 | 18.00 | 101.76 | 119.76 | OK | |
r-devel-linux-x86_64-fedora-gcc | 0.2 | 17.00 | 96.68 | 113.68 | OK | |
r-devel-windows-x86_64 | 0.2 | 11.00 | 74.00 | 85.00 | OK | |
r-patched-linux-x86_64 | 0.2 | 7.11 | 64.06 | 71.17 | OK | |
r-release-linux-x86_64 | 0.2 | 7.45 | 65.40 | 72.85 | OK | |
r-release-macos-arm64 | 0.2 | 3.00 | 26.00 | 29.00 | OK | |
r-release-macos-x86_64 | 0.2 | 9.00 | 54.00 | 63.00 | OK | |
r-release-windows-x86_64 | 0.2 | 11.00 | 77.00 | 88.00 | OK | |
r-oldrel-macos-arm64 | 0.2 | 3.00 | 25.00 | 28.00 | OK | |
r-oldrel-macos-x86_64 | 0.2 | 5.00 | 42.00 | 47.00 | OK | |
r-oldrel-windows-x86_64 | 0.2 | 14.00 | 101.00 | 115.00 | OK |
Version: 0.2
Check: CRAN incoming feasibility
Result: NOTE
Maintainer: ‘David Beiner <zra.r.package@gmail.com>’
No Authors@R field in DESCRIPTION.
Please add one, modifying
Authors@R: person(given = "David",
family = "Beiner",
role = c("aut", "cre"),
email = "zra.r.package@gmail.com")
as necessary.
Flavors: r-devel-linux-x86_64-debian-clang, r-devel-linux-x86_64-debian-gcc
Version: 0.2
Check: HTML version of manual
Result: NOTE
Found the following HTML validation problems:
plot.ZRA.html:55:1 (plot.ZRA.Rd:14): Warning: missing </ul> before </div>
print.ZRA.html:51:1 (print.ZRA.Rd:12): Warning: missing </ul> before </div>
Flavors: r-devel-linux-x86_64-debian-clang, r-devel-linux-x86_64-debian-gcc