Last updated on 2025-10-24 11:50:40 CEST.
| Flavor | Version | Tinstall | Tcheck | Ttotal | Status | Flags |
|---|---|---|---|---|---|---|
| r-devel-linux-x86_64-debian-clang | 0.4.2 | 2.39 | 61.26 | 63.65 | OK | |
| r-devel-linux-x86_64-debian-gcc | 0.4.2 | 1.78 | 45.10 | 46.88 | OK | |
| r-devel-linux-x86_64-fedora-clang | 0.4.2 | 95.98 | NOTE | |||
| r-devel-linux-x86_64-fedora-gcc | 0.4.2 | 110.82 | NOTE | |||
| r-devel-windows-x86_64 | 0.4.2 | 6.00 | 78.00 | 84.00 | OK | |
| r-patched-linux-x86_64 | 0.4.2 | 2.48 | 57.38 | 59.86 | OK | |
| r-release-linux-x86_64 | 0.4.2 | 2.37 | 57.12 | 59.49 | OK | |
| r-release-macos-arm64 | 0.4.2 | 1.00 | 50.00 | 51.00 | OK | |
| r-release-macos-x86_64 | 0.4.2 | 2.00 | 79.00 | 81.00 | OK | |
| r-release-windows-x86_64 | 0.4.2 | 6.00 | 81.00 | 87.00 | OK | |
| r-oldrel-macos-arm64 | 0.4.2 | 2.00 | 62.00 | 64.00 | OK | |
| r-oldrel-macos-x86_64 | 0.4.2 | 2.00 | 111.00 | 113.00 | OK | |
| r-oldrel-windows-x86_64 | 0.4.2 | 7.00 | 94.00 | 101.00 | OK |
Version: 0.4.2
Check: dependencies in R code
Result: NOTE
Namespace in Imports field not imported from: ‘tibble’
All declared Imports should be used.
Flavors: r-devel-linux-x86_64-fedora-clang, r-devel-linux-x86_64-fedora-gcc