Last updated on 2025-10-21 23:50:46 CEST.
Flavor | Version | Tinstall | Tcheck | Ttotal | Status | Flags |
---|---|---|---|---|---|---|
r-devel-linux-x86_64-debian-clang | 1.1.0 | 6.68 | 56.80 | 63.48 | NOTE | |
r-devel-linux-x86_64-debian-gcc | 1.1.0 | 5.02 | 42.57 | 47.59 | NOTE | |
r-devel-linux-x86_64-fedora-clang | 1.1.0 | 14.00 | 79.96 | 93.96 | OK | |
r-devel-linux-x86_64-fedora-gcc | 1.1.0 | 13.00 | 77.20 | 90.20 | OK | |
r-devel-windows-x86_64 | 1.1.0 | 8.00 | 65.00 | 73.00 | OK | |
r-patched-linux-x86_64 | 1.1.0 | 6.18 | 53.83 | 60.01 | OK | |
r-release-linux-x86_64 | 1.1.0 | 5.94 | 53.57 | 59.51 | OK | |
r-release-macos-arm64 | 1.1.0 | 4.00 | 28.00 | 32.00 | OK | |
r-release-macos-x86_64 | 1.1.0 | 9.00 | 80.00 | 89.00 | OK | |
r-release-windows-x86_64 | 1.1.0 | 8.00 | 67.00 | 75.00 | OK | |
r-oldrel-macos-arm64 | 1.1.0 | 3.00 | 30.00 | 33.00 | OK | |
r-oldrel-macos-x86_64 | 1.1.0 | 9.00 | 64.00 | 73.00 | OK | |
r-oldrel-windows-x86_64 | 1.1.0 | 9.00 | 78.00 | 87.00 | OK |
Version: 1.1.0
Check: HTML version of manual
Result: NOTE
Found the following HTML validation problems:
nwts2ph.generate.html:52:1 (nwts2ph.generate.Rd:13): Warning: missing </ul> before </div>
Flavors: r-devel-linux-x86_64-debian-clang, r-devel-linux-x86_64-debian-gcc