Last updated on 2025-10-24 05:50:31 CEST.
| Flavor | Version | Tinstall | Tcheck | Ttotal | Status | Flags |
|---|---|---|---|---|---|---|
| r-devel-linux-x86_64-debian-clang | 0.1.0 | 1.72 | 19.69 | 21.41 | OK | |
| r-devel-linux-x86_64-debian-gcc | 0.1.0 | 1.36 | 16.65 | 18.01 | OK | |
| r-devel-linux-x86_64-fedora-clang | 0.1.0 | 30.54 | OK | |||
| r-devel-linux-x86_64-fedora-gcc | 0.1.0 | 29.35 | OK | |||
| r-devel-windows-x86_64 | 0.1.0 | 3.00 | 43.00 | 46.00 | OK | |
| r-patched-linux-x86_64 | 0.1.0 | 1.75 | 18.97 | 20.72 | OK | |
| r-release-linux-x86_64 | 0.1.0 | 1.52 | 18.87 | 20.39 | OK | |
| r-release-macos-arm64 | 0.1.0 | 2.00 | 17.00 | 19.00 | OK | |
| r-release-macos-x86_64 | 0.1.0 | 2.00 | 22.00 | 24.00 | OK | |
| r-release-windows-x86_64 | 0.1.0 | 3.00 | 45.00 | 48.00 | OK | |
| r-oldrel-macos-arm64 | 0.1.0 | 1.00 | 15.00 | 16.00 | NOTE | |
| r-oldrel-macos-x86_64 | 0.1.0 | 2.00 | 21.00 | 23.00 | NOTE | |
| r-oldrel-windows-x86_64 | 0.1.0 | 4.00 | 50.00 | 54.00 | NOTE |
Version: 0.1.0
Check: LazyData
Result: NOTE
'LazyData' is specified without a 'data' directory
Flavors: r-oldrel-macos-arm64, r-oldrel-macos-x86_64, r-oldrel-windows-x86_64