Last updated on 2025-10-21 17:49:41 CEST.
Flavor | Version | Tinstall | Tcheck | Ttotal | Status | Flags |
---|---|---|---|---|---|---|
r-devel-linux-x86_64-debian-clang | 3.0 | 10.31 | 88.69 | 99.00 | NOTE | |
r-devel-linux-x86_64-debian-gcc | 3.0 | 6.66 | 62.72 | 69.38 | NOTE | |
r-devel-linux-x86_64-fedora-clang | 3.0 | 22.00 | 124.24 | 146.24 | OK | |
r-devel-linux-x86_64-fedora-gcc | 3.0 | 23.00 | 116.42 | 139.42 | OK | |
r-devel-windows-x86_64 | 3.0 | 12.00 | 96.00 | 108.00 | OK | |
r-patched-linux-x86_64 | 3.0 | 9.45 | 81.84 | 91.29 | OK | |
r-release-linux-x86_64 | 3.0 | 9.66 | 81.75 | 91.41 | OK | |
r-release-macos-arm64 | 3.0 | 6.00 | 42.00 | 48.00 | OK | |
r-release-macos-x86_64 | 3.0 | 11.00 | 89.00 | 100.00 | OK | |
r-release-windows-x86_64 | 3.0 | 12.00 | 99.00 | 111.00 | OK | |
r-oldrel-macos-arm64 | 3.0 | 4.00 | 35.00 | 39.00 | NOTE | |
r-oldrel-macos-x86_64 | 3.0 | 7.00 | 63.00 | 70.00 | NOTE | |
r-oldrel-windows-x86_64 | 3.0 | 15.00 | 117.00 | 132.00 | NOTE |
Version: 3.0
Check: CRAN incoming feasibility
Result: NOTE
Maintainer: ‘Mark W. Donoghoe <markdonoghoe@gmail.com>’
Package CITATION file contains call(s) to old-style personList() or
as.personList(). Please use c() on person objects instead.
Package CITATION file contains call(s) to old-style citEntry(). Please
use bibentry() instead.
Flavors: r-devel-linux-x86_64-debian-clang, r-devel-linux-x86_64-debian-gcc
Version: 3.0
Check: LazyData
Result: NOTE
'LazyData' is specified without a 'data' directory
Flavors: r-oldrel-macos-arm64, r-oldrel-macos-x86_64, r-oldrel-windows-x86_64