Last updated on 2025-10-21 17:49:41 CEST.
Flavor | Version | Tinstall | Tcheck | Ttotal | Status | Flags |
---|---|---|---|---|---|---|
r-devel-linux-x86_64-debian-clang | 1.5.2 | 7.21 | 93.81 | 101.02 | NOTE | |
r-devel-linux-x86_64-debian-gcc | 1.5.2 | 5.85 | 64.41 | 70.26 | NOTE | |
r-devel-linux-x86_64-fedora-clang | 1.5.2 | 20.00 | 141.30 | 161.30 | OK | |
r-devel-linux-x86_64-fedora-gcc | 1.5.2 | 20.00 | 150.33 | 170.33 | OK | |
r-devel-windows-x86_64 | 1.5.2 | 11.00 | 98.00 | 109.00 | OK | |
r-patched-linux-x86_64 | 1.5.2 | 8.77 | 88.54 | 97.31 | OK | |
r-release-linux-x86_64 | 1.5.2 | 7.05 | 88.09 | 95.14 | OK | |
r-release-macos-arm64 | 1.5.2 | 4.00 | 63.00 | 67.00 | OK | |
r-release-macos-x86_64 | 1.5.2 | 8.00 | 105.00 | 113.00 | OK | |
r-release-windows-x86_64 | 1.5.2 | 11.00 | 100.00 | 111.00 | OK | |
r-oldrel-macos-arm64 | 1.5.2 | 2.00 | 209.00 | 211.00 | OK | |
r-oldrel-macos-x86_64 | 1.5.2 | 5.00 | 241.00 | 246.00 | OK | |
r-oldrel-windows-x86_64 | 1.5.2 | 13.00 | 120.00 | 133.00 | OK |
Version: 1.5.2
Check: HTML version of manual
Result: NOTE
Found the following HTML validation problems:
print.adea.html:51:1 (print.adea.Rd:12): Warning: missing </ul> before </div>
print.adeahierarchical.html:51:1 (print.adeahierarchical.Rd:12): Warning: missing </ul> before </div>
print.adealoadleverage.html:51:1 (print.adealoadleverage.Rd:12): Warning: missing </ul> before </div>
print.adeaparametric.html:51:1 (print.adeaparametric.Rd:12): Warning: missing </ul> before </div>
print.adeastepwise.html:51:1 (print.adeastepwise.Rd:12): Warning: missing </ul> before </div>
print.cadea.html:51:1 (print.cadea.Rd:12): Warning: missing </ul> before </div>
print.dea.html:51:1 (print.dea.Rd:12): Warning: missing </ul> before </div>
print.fsdea.html:51:1 (print.fsdea.Rd:12): Warning: missing </ul> before </div>
summary.adea.html:53:1 (summary.adea.Rd:12): Warning: missing </ul> before </div>
summary.cadea.html:53:1 (summary.cadea.Rd:12): Warning: missing </ul> before </div>
Flavors: r-devel-linux-x86_64-debian-clang, r-devel-linux-x86_64-debian-gcc