Last updated on 2025-10-22 05:50:57 CEST.
Flavor | Version | Tinstall | Tcheck | Ttotal | Status | Flags |
---|---|---|---|---|---|---|
r-devel-linux-x86_64-debian-clang | 1.0.0 | 28.44 | 254.52 | 282.96 | NOTE | |
r-devel-linux-x86_64-debian-gcc | 1.0.0 | 16.90 | 152.99 | 169.89 | NOTE | |
r-devel-linux-x86_64-fedora-clang | 1.0.0 | 159.00 | 314.70 | 473.70 | NOTE | |
r-devel-linux-x86_64-fedora-gcc | 1.0.0 | 60.00 | 365.54 | 425.54 | NOTE | |
r-devel-windows-x86_64 | 1.0.0 | 29.00 | 219.00 | 248.00 | NOTE | |
r-patched-linux-x86_64 | 1.0.0 | 26.83 | 236.60 | 263.43 | NOTE | |
r-release-linux-x86_64 | 1.0.0 | 26.33 | 234.57 | 260.90 | NOTE | |
r-release-macos-arm64 | 1.0.0 | 12.00 | 88.00 | 100.00 | NOTE | |
r-release-macos-x86_64 | 1.0.0 | 21.00 | 160.00 | 181.00 | NOTE | |
r-release-windows-x86_64 | 1.0.0 | 29.00 | 219.00 | 248.00 | NOTE | |
r-oldrel-macos-arm64 | 1.0.0 | 8.00 | 56.00 | 64.00 | OK | |
r-oldrel-macos-x86_64 | 1.0.0 | 22.00 | 112.00 | 134.00 | OK | |
r-oldrel-windows-x86_64 | 1.0.0 | 40.00 | 309.00 | 349.00 | OK |
Version: 1.0.0
Check: DESCRIPTION meta-information
Result: NOTE
Missing dependency on R >= 4.1.0 because package code uses the pipe
|> or function shorthand \(...) syntax added in R 4.1.0.
File(s) using such syntax:
‘IntervalEstimator-class.Rd’ ‘PValue-class.Rd’
‘PointEstimator-class.Rd’ ‘analyze.R’ ‘estimators.R’
‘evaluate_estimator.R’ ‘fisher_information.R’
‘integrate_over_sample_space.R’ ‘mle_distribution.R’ ‘n2c2_helpers.R’
‘plot.R’ ‘print.R’ ‘reference_implementation.R’
Flavors: r-devel-linux-x86_64-debian-clang, r-devel-linux-x86_64-debian-gcc, r-devel-linux-x86_64-fedora-clang, r-devel-linux-x86_64-fedora-gcc, r-devel-windows-x86_64, r-patched-linux-x86_64, r-release-linux-x86_64, r-release-macos-arm64, r-release-windows-x86_64
Version: 1.0.0
Check: HTML version of manual
Result: NOTE
Found the following HTML validation problems:
TwoStageDesignWithCache.html:48:1 (TwoStageDesignWithCache.Rd:10): Warning: missing </ul> before </div>
c2_extrapol.html:50:1 (c2_extrapol.Rd:12): Warning: missing </ul> before </div>
n2_extrapol.html:50:1 (n2_extrapol.Rd:12): Warning: missing </ul> before </div>
Flavors: r-devel-linux-x86_64-debian-clang, r-devel-linux-x86_64-debian-gcc
Version: 1.0.0
Check: DESCRIPTION meta-information
Result: NOTE
Missing dependency on R >= 4.1.0 because package code uses the pipe
|> or function shorthand \(...) syntax added in R 4.1.0.
File(s) using such syntax:
‘analyze.R’ ‘estimators.R’ ‘evaluate_estimator.R’
‘fisher_information.R’ ‘integrate_over_sample_space.R’
‘mle_distribution.R’ ‘n2c2_helpers.R’ ‘plot.R’ ‘print.R’
‘reference_implementation.R’
Flavor: r-release-macos-x86_64