Last updated on 2025-10-21 11:53:15 CEST.
Flavor | Version | Tinstall | Tcheck | Ttotal | Status | Flags |
---|---|---|---|---|---|---|
r-devel-linux-x86_64-debian-clang | 1.3.1 | 15.79 | 572.09 | 587.88 | NOTE | |
r-devel-linux-x86_64-debian-gcc | 1.3.1 | 10.47 | 379.35 | 389.82 | NOTE | |
r-devel-linux-x86_64-fedora-clang | 1.3.1 | 924.24 | OK | |||
r-devel-linux-x86_64-fedora-gcc | 1.3.1 | 71.00 | 860.97 | 931.97 | OK | |
r-devel-windows-x86_64 | 1.3.1 | 21.00 | 528.00 | 549.00 | OK | |
r-patched-linux-x86_64 | 1.3.1 | 23.86 | 530.07 | 553.93 | OK | |
r-release-linux-x86_64 | 1.3.1 | 15.09 | 534.73 | 549.82 | OK | |
r-release-macos-arm64 | 1.3.1 | 228.00 | OK | |||
r-release-macos-x86_64 | 1.3.1 | 17.00 | 472.00 | 489.00 | OK | |
r-release-windows-x86_64 | 1.3.1 | 26.00 | 531.00 | 557.00 | OK | |
r-oldrel-macos-arm64 | 1.3.1 | 214.00 | OK | |||
r-oldrel-macos-x86_64 | 1.3.1 | 478.00 | OK | |||
r-oldrel-windows-x86_64 | 1.3.1 | 29.00 | 715.00 | 744.00 | OK |
Version: 1.3.1
Check: HTML version of manual
Result: NOTE
Found the following HTML validation problems:
pipe.html:62:1 (pipe.Rd:20): Warning: missing </ul> before </div>
Flavors: r-devel-linux-x86_64-debian-clang, r-devel-linux-x86_64-debian-gcc