Last updated on 2025-10-21 11:53:15 CEST.
Flavor | Version | Tinstall | Tcheck | Ttotal | Status | Flags |
---|---|---|---|---|---|---|
r-devel-linux-x86_64-debian-clang | 0.1.3 | 8.27 | 94.07 | 102.34 | NOTE | |
r-devel-linux-x86_64-debian-gcc | 0.1.3 | 5.63 | 66.82 | 72.45 | NOTE | |
r-devel-linux-x86_64-fedora-clang | 0.1.3 | 153.59 | OK | |||
r-devel-linux-x86_64-fedora-gcc | 0.1.3 | 17.00 | 149.01 | 166.01 | OK | |
r-devel-windows-x86_64 | 0.1.3 | 10.00 | 113.00 | 123.00 | OK | |
r-patched-linux-x86_64 | 0.1.3 | 8.94 | 88.48 | 97.42 | OK | |
r-release-linux-x86_64 | 0.1.3 | 6.63 | 89.36 | 95.99 | OK | |
r-release-macos-arm64 | 0.1.3 | 72.00 | OK | |||
r-release-macos-x86_64 | 0.1.3 | 9.00 | 119.00 | 128.00 | OK | |
r-release-windows-x86_64 | 0.1.3 | 10.00 | 117.00 | 127.00 | OK | |
r-oldrel-macos-arm64 | 0.1.3 | 66.00 | OK | |||
r-oldrel-macos-x86_64 | 0.1.3 | 163.00 | OK | |||
r-oldrel-windows-x86_64 | 0.1.3 | 14.00 | 143.00 | 157.00 | OK |
Version: 0.1.3
Check: HTML version of manual
Result: NOTE
Found the following HTML validation problems:
Coord1D.html:117:1 (Coord1D.Rd:67): Warning: <h5> anchor "Usage" already defined
Coord1D.html:123:1 (Coord1D.Rd:71): Warning: <h5> anchor "Arguments" already defined
Coord1D.html:146:1 (Coord1D.Rd:85): Warning: <h5> anchor "Usage" already defined
Coord1D.html:152:1 (Coord1D.Rd:89): Warning: <h5> anchor "Arguments" already defined
Coord1D.html:177:1 (Coord1D.Rd:105): Warning: <h5> anchor "Usage" already defined
Coord1D.html:183:1 (Coord1D.Rd:109): Warning: <h5> anchor "Arguments" already defined
Coord1D.html:208:1 (Coord1D.Rd:125): Warning: <h5> anchor "Usage" already defined
Coord1D.html:214:1 (Coord1D.Rd:129): Warning: <h5> anchor "Arguments" already defined
Coord1D.html:235:1 (Coord1D.Rd:141): Warning: <h5> anchor "Usage" already defined
Coord1D.html:241:1 (Coord1D.Rd:145): Warning: <h5> anchor "Arguments" already defined
Coord1D.html:264:1 (Coord1D.Rd:159): Warning: <h5> anchor "Usage" already defined
Coord1D.html:270:1 (Coord1D.Rd:163): Warning: <h5> anchor "Arguments" already defined
Coord1D.html:297:1 (Coord1D.Rd:180): Warning: <h5> anchor "Usage" already defined
Coord1D.html:303:1 (Coord1D.Rd:184): Warning: <h5> anchor "Arguments" already defined
Coord2D.html:128:1 (Coord2D.Rd:74): Warning: <h5> anchor "Usage" already defined
Coord2D.html:134:1 (Coord2D.Rd:78): Warning: <h5> anchor "Arguments" already defined
Coord2D.html:155:1 (Coord2D.Rd:90): Warning: <h5> anchor "Usage" already defined
Coord2D.html:161:1 (Coord2D.Rd:94): Warning: <h5> anchor "Arguments" already defined
Coord2D.html:184:1 (Coord2D.Rd:108): Warning: <h5> anchor "Usage" already defined
Coord2D.html:190:1 (Coord2D.Rd:112): Warning: <h5> anchor "Arguments" already defined
Coord2D.html:218:1 (Coord2D.Rd:131): Warning: <h5> anchor "Usage" already defined
Coord2D.html:224:1 (Coord2D.Rd:135): Warning: <h5> anchor "Arguments" already defined
Coord2D.html:249:1 (Coord2D.Rd:151): Warning: <h5> anchor "Usage" already defined
Coord2D.html:255:1 (Coord2D.Rd:155): Warning: <h5> anchor "Arguments" already defined
Coord2D.html:278:1 (Coord2D.Rd:169): Warning: <h5> anchor "Usage" already defined
Coord2D.html:284:1 (Coord2D.Rd:173): Warning: <h5> anchor "Arguments" already defined
Coord2D.html:307:1 (Coord2D.Rd:187): Warning: <h5> anchor "Usage" already defined
Coord2D.html:313:1 (Coord2D.Rd:191): Warning: <h5> anchor "Arguments" already defined
Coord2D.html:336:1 (Coord2D.Rd:205): Warning: <h5> anchor "Usage" already defined
Coord2D.html:342:1 (Coord2D.Rd:209): Warning: <h5> anchor "Arguments" already defined
Coord2D.html:365:1 (Coord2D.Rd:223): Warning: <h5> anchor "Usage" already defined
Coord2D.html:371:1 (Coord2D.Rd:227): Warning: <h5> anchor "Arguments" already defined
Coord2D.html:399:1 (Coord2D.Rd:245): Warning: <h5> anchor "Usage" already defined
Coord2D.html:405:1 (Coord2D.Rd:249): Warning: <h5> anchor "Arguments" already defined
Coord3D.html:130:1 (Coord3D.Rd:75): Warning: <h5> anchor "Usage" already defined
Coord3D.html:136:1 (Coord3D.Rd:79): Warning: <h5> anchor "Arguments" already defined
Coord3D.html:159:1 (Coord3D.Rd:93): Warning: <h5> anchor "Usage" already defined
Coord3D.html:165:1 (Coord3D.Rd:97): Warning: <h5> anchor "Arguments" already defined
Coord3D.html:188:1 (Coord3D.Rd:111): Warning: <h5> anchor "Usage" already defined
Coord3D.html:199:1 (Coord3D.Rd:120): Warning: <h5> anchor "Arguments" already defined
Coord3D.html:233:1 (Coord3D.Rd:145): Warning: <h5> anchor "Usage" already defined
Coord3D.html:239:1 (Coord3D.Rd:149): Warning: <h5> anchor "Arguments" already defined
Coord3D.html:264:1 (Coord3D.Rd:165): Warning: <h5> anchor "Usage" already defined
Coord3D.html:270:1 (Coord3D.Rd:169): Warning: <h5> anchor "Arguments" already defined
Coord3D.html:296:1 (Coord3D.Rd:186): Warning: <h5> anchor "Usage" already defined
Coord3D.html:302:1 (Coord3D.Rd:190): Warning: <h5> anchor "Arguments" already defined
Coord3D.html:327:1 (Coord3D.Rd:206): Warning: <h5> anchor "Usage" already defined
Coord3D.html:340:1 (Coord3D.Rd:217): Warning: <h5> anchor "Arguments" already defined
Coord3D.html:371:1 (Coord3D.Rd:239): Warning: <h5> anchor "Usage" already defined
Coord3D.html:377:1 (Coord3D.Rd:243): Warning: <h5> anchor "Arguments" already defined
Coord3D.html:400:1 (Coord3D.Rd:257): Warning: <h5> anchor "Usage" already defined
Coord3D.html:406:1 (Coord3D.Rd:261): Warning: <h5> anchor "Arguments" already defined
Coord3D.html:434:1 (Coord3D.Rd:279): Warning: <h5> anchor "Usage" already defined
Coord3D.html:440:1 (Coord3D.Rd:283): Warning: <h5> anchor "Arguments" already defined
Line2D.html:102:1 (Line2D.Rd:59): Warning: <h5> anchor "Usage" already defined
Line2D.html:108:1 (Line2D.Rd:63): Warning: <h5> anchor "Arguments" already defined
Line2D.html:133:1 (Line2D.Rd:78): Warning: <h5> anchor "Usage" already defined
Line2D.html:139:1 (Line2D.Rd:82): Warning: <h5> anchor "Arguments" already defined
Plane3D.html:160:1 (Plane3D.Rd:86): Warning: missing </ul> before </div>
Plane3D.html:106:1 (Plane3D.Rd:56): Warning: <h5> anchor "Usage" already defined
Plane3D.html:112:1 (Plane3D.Rd:60): Warning: <h5> anchor "Arguments" already defined
Plane3D.html:137:1 (Plane3D.Rd:75): Warning: <h5> anchor "Usage" already defined
Plane3D.html:143:1 (Plane3D.Rd:79): Warning: <h5> anchor "Arguments" already defined
Point1D.html:98:1 (Point1D.Rd:51): Warning: <h5> anchor "Usage" already defined
Point1D.html:104:1 (Point1D.Rd:55): Warning: <h5> anchor "Arguments" already defined
Point1D.html:129:1 (Point1D.Rd:70): Warning: <h5> anchor "Usage" already defined
Point1D.html:135:1 (Point1D.Rd:74): Warning: <h5> anchor "Arguments" already defined
as_plane3d.html:96:1 (as_plane3d.Rd:44): Warning: missing </ul> before </div>
Flavors: r-devel-linux-x86_64-debian-clang, r-devel-linux-x86_64-debian-gcc