Last updated on 2025-10-24 18:49:49 CEST.
| Flavor | Version | Tinstall | Tcheck | Ttotal | Status | Flags |
|---|---|---|---|---|---|---|
| r-devel-linux-x86_64-debian-clang | 0.3.5 | 5.97 | 200.69 | 206.66 | OK | |
| r-devel-linux-x86_64-debian-gcc | 0.3.5 | 4.15 | 165.57 | 169.72 | OK | |
| r-devel-linux-x86_64-fedora-clang | 0.3.5 | 11.00 | 281.47 | 292.47 | OK | |
| r-devel-linux-x86_64-fedora-gcc | 0.3.5 | 12.00 | 313.86 | 325.86 | OK | |
| r-devel-windows-x86_64 | 0.3.5 | 10.00 | 199.00 | 209.00 | OK | |
| r-patched-linux-x86_64 | 0.3.5 | 5.63 | 203.18 | 208.81 | OK | |
| r-release-linux-x86_64 | 0.3.5 | 4.80 | 202.78 | 207.58 | OK | |
| r-release-macos-arm64 | 0.3.5 | 3.00 | 103.00 | 106.00 | OK | |
| r-release-macos-x86_64 | 0.3.5 | 5.00 | 173.00 | 178.00 | OK | |
| r-release-windows-x86_64 | 0.3.5 | 9.00 | 199.00 | 208.00 | OK | |
| r-oldrel-macos-arm64 | 0.3.5 | 3.00 | 96.00 | 99.00 | NOTE | |
| r-oldrel-macos-x86_64 | 0.3.5 | 4.00 | 166.00 | 170.00 | NOTE | |
| r-oldrel-windows-x86_64 | 0.3.5 | 12.00 | 243.00 | 255.00 | NOTE |
Version: 0.3.5
Check: installed package size
Result: NOTE
installed size is 7.1Mb
sub-directories of 1Mb or more:
ShinyGR 3.4Mb
doc 3.4Mb
Flavors: r-oldrel-macos-arm64, r-oldrel-macos-x86_64, r-oldrel-windows-x86_64