Last updated on 2025-10-21 17:49:41 CEST.
Flavor | Version | Tinstall | Tcheck | Ttotal | Status | Flags |
---|---|---|---|---|---|---|
r-devel-linux-x86_64-debian-clang | 1.0.0 | 2.46 | 32.62 | 35.08 | NOTE | |
r-devel-linux-x86_64-debian-gcc | 1.0.0 | 2.04 | 26.92 | 28.96 | NOTE | |
r-devel-linux-x86_64-fedora-clang | 1.0.0 | 11.00 | 44.02 | 55.02 | OK | |
r-devel-linux-x86_64-fedora-gcc | 1.0.0 | 63.46 | OK | |||
r-devel-windows-x86_64 | 1.0.0 | 4.00 | 49.00 | 53.00 | OK | |
r-patched-linux-x86_64 | 1.0.0 | 2.31 | 29.99 | 32.30 | OK | |
r-release-linux-x86_64 | 1.0.0 | 2.45 | 29.79 | 32.24 | OK | |
r-release-macos-arm64 | 1.0.0 | 1.00 | 36.00 | 37.00 | OK | |
r-release-macos-x86_64 | 1.0.0 | 2.00 | 47.00 | 49.00 | OK | |
r-release-windows-x86_64 | 1.0.0 | 4.00 | 51.00 | 55.00 | OK | |
r-oldrel-macos-arm64 | 1.0.0 | 1.00 | 24.00 | 25.00 | NOTE | |
r-oldrel-macos-x86_64 | 1.0.0 | 2.00 | 34.00 | 36.00 | NOTE | |
r-oldrel-windows-x86_64 | 1.0.0 | 6.00 | 58.00 | 64.00 | NOTE |
Version: 1.0.0
Check: HTML version of manual
Result: NOTE
Found the following HTML validation problems:
Ajv.html:46:1 (Ajv.Rd:10): Warning: missing </ul> before </div>
Flavors: r-devel-linux-x86_64-debian-clang, r-devel-linux-x86_64-debian-gcc
Version: 1.0.0
Check: LazyData
Result: NOTE
'LazyData' is specified without a 'data' directory
Flavors: r-oldrel-macos-arm64, r-oldrel-macos-x86_64, r-oldrel-windows-x86_64