Last updated on 2025-10-23 23:49:22 CEST.
| Flavor | Version | Tinstall | Tcheck | Ttotal | Status | Flags |
|---|---|---|---|---|---|---|
| r-devel-linux-x86_64-debian-clang | 0.8.8 | 4.54 | 161.43 | 165.97 | NOTE | |
| r-devel-linux-x86_64-debian-gcc | 0.8.8 | 3.35 | 96.95 | 100.30 | OK | |
| r-devel-linux-x86_64-fedora-clang | 0.8.8 | 261.56 | OK | |||
| r-devel-linux-x86_64-fedora-gcc | 0.8.8 | 268.25 | OK | |||
| r-devel-windows-x86_64 | 0.8.8 | 6.00 | 153.00 | 159.00 | OK | |
| r-patched-linux-x86_64 | 0.8.8 | 5.09 | 151.17 | 156.26 | OK | |
| r-release-linux-x86_64 | 0.8.8 | 4.34 | 152.17 | 156.51 | OK | |
| r-release-macos-arm64 | 0.8.8 | 2.00 | 73.00 | 75.00 | OK | |
| r-release-macos-x86_64 | 0.8.8 | 4.00 | 151.00 | 155.00 | OK | |
| r-release-windows-x86_64 | 0.8.8 | 6.00 | 152.00 | 158.00 | OK | |
| r-oldrel-macos-arm64 | 0.8.8 | 2.00 | 62.00 | 64.00 | OK | |
| r-oldrel-macos-x86_64 | 0.8.8 | 3.00 | 113.00 | 116.00 | OK | |
| r-oldrel-windows-x86_64 | 0.8.8 | 8.00 | 218.00 | 226.00 | OK |
Version: 0.8.8
Check: HTML version of manual
Result: NOTE
Found the following HTML validation problems:
print.html:58:1 (print.Rd:15): Warning: missing </ul> before </div>
print.summary.html:57:1 (print.summary.Rd:14): Warning: missing </ul> before </div>
Flavor: r-devel-linux-x86_64-debian-clang