Last updated on 2025-10-21 11:53:15 CEST.
Flavor | Version | Tinstall | Tcheck | Ttotal | Status | Flags |
---|---|---|---|---|---|---|
r-devel-linux-x86_64-debian-clang | 0.5.3 | 13.82 | 869.18 | 883.00 | NOTE | |
r-devel-linux-x86_64-debian-gcc | 0.5.3 | 8.84 | 499.98 | 508.82 | NOTE | |
r-devel-linux-x86_64-fedora-clang | 0.5.3 | 1518.70 | OK | |||
r-devel-linux-x86_64-fedora-gcc | 0.5.3 | 26.00 | 1355.58 | 1381.58 | OK | |
r-devel-windows-x86_64 | 0.5.3 | 15.00 | 553.00 | 568.00 | OK | |
r-patched-linux-x86_64 | 0.5.3 | 13.25 | 816.31 | 829.56 | OK | |
r-release-linux-x86_64 | 0.5.3 | 14.14 | 816.56 | 830.70 | OK | |
r-release-macos-arm64 | 0.5.3 | 282.00 | OK | |||
r-release-macos-x86_64 | 0.5.3 | 12.00 | 535.00 | 547.00 | OK | |
r-release-windows-x86_64 | 0.5.3 | 19.00 | 557.00 | 576.00 | OK | |
r-oldrel-macos-arm64 | 0.5.3 | 268.00 | OK | |||
r-oldrel-macos-x86_64 | 0.5.3 | 487.00 | OK | |||
r-oldrel-windows-x86_64 | 0.5.3 | 18.00 | 752.00 | 770.00 | OK |
Version: 0.5.3
Check: HTML version of manual
Result: NOTE
Found the following HTML validation problems:
get.html:52:1 (get.Rd:12): Warning: missing </ul> before </div>
plot.ALE.html:44:1 (plot.ALE.Rd:9): Warning: missing </ul> before </div>
plot.ModelBoot.html:44:1 (plot.ModelBoot.Rd:9): Warning: missing </ul> before </div>
Flavors: r-devel-linux-x86_64-debian-clang, r-devel-linux-x86_64-debian-gcc