CRAN Package Check Results for Package allestimates

Last updated on 2025-10-22 05:50:58 CEST.

Flavor Version Tinstall Tcheck Ttotal Status Flags
r-devel-linux-x86_64-debian-clang 0.2.3 11.03 163.84 174.87 NOTE
r-devel-linux-x86_64-debian-gcc 0.2.3 7.05 118.53 125.58 NOTE
r-devel-linux-x86_64-fedora-clang 0.2.3 21.00 245.55 266.55 NOTE
r-devel-linux-x86_64-fedora-gcc 0.2.3 22.00 250.16 272.16 NOTE
r-devel-windows-x86_64 0.2.3 12.00 166.00 178.00 NOTE
r-patched-linux-x86_64 0.2.3 11.27 155.46 166.73 NOTE
r-release-linux-x86_64 0.2.3 10.08 154.58 164.66 NOTE
r-release-macos-arm64 0.2.3 4.00 74.00 78.00 NOTE
r-release-macos-x86_64 0.2.3 8.00 135.00 143.00 NOTE
r-release-windows-x86_64 0.2.3 12.00 165.00 177.00 NOTE
r-oldrel-macos-arm64 0.2.3 4.00 67.00 71.00 NOTE
r-oldrel-macos-x86_64 0.2.3 8.00 104.00 112.00 NOTE
r-oldrel-windows-x86_64 0.2.3 15.00 213.00 228.00 NOTE

Check Details

Version: 0.2.3
Check: Rd files
Result: NOTE checkRd: (-1) allestimates.Rd:25: Lost braces in \itemize; meant \describe ? checkRd: (-1) allestimates.Rd:26: Lost braces in \itemize; meant \describe ? checkRd: (-1) allestimates.Rd:27: Lost braces in \itemize; meant \describe ? checkRd: (-1) allestimates.Rd:28: Lost braces in \itemize; meant \describe ? Flavors: r-devel-linux-x86_64-debian-clang, r-devel-linux-x86_64-debian-gcc, r-devel-linux-x86_64-fedora-clang, r-devel-linux-x86_64-fedora-gcc, r-devel-windows-x86_64, r-patched-linux-x86_64, r-release-linux-x86_64, r-release-macos-arm64, r-release-macos-x86_64, r-release-windows-x86_64, r-oldrel-macos-arm64, r-oldrel-macos-x86_64, r-oldrel-windows-x86_64