CRAN Package Check Results for Package amelie

Last updated on 2025-10-22 23:49:48 CEST.

Flavor Version Tinstall Tcheck Ttotal Status Flags
r-devel-linux-x86_64-debian-clang 0.2.1 1.89 25.86 27.75 OK
r-devel-linux-x86_64-debian-gcc 0.2.1 1.59 20.44 22.03 OK
r-devel-linux-x86_64-fedora-clang 0.2.1 41.89 OK
r-devel-linux-x86_64-fedora-gcc 0.2.1 54.26 OK
r-devel-windows-x86_64 0.2.1 3.00 43.00 46.00 OK
r-patched-linux-x86_64 0.2.1 1.91 24.70 26.61 OK
r-release-linux-x86_64 0.2.1 1.59 24.45 26.04 OK
r-release-macos-arm64 0.2.1 1.00 22.00 23.00 OK
r-release-macos-x86_64 0.2.1 2.00 41.00 43.00 OK
r-release-windows-x86_64 0.2.1 4.00 46.00 50.00 OK
r-oldrel-macos-arm64 0.2.1 1.00 26.00 27.00 NOTE
r-oldrel-macos-x86_64 0.2.1 2.00 32.00 34.00 NOTE
r-oldrel-windows-x86_64 0.2.1 4.00 52.00 56.00 NOTE

Check Details

Version: 0.2.1
Check: LazyData
Result: NOTE 'LazyData' is specified without a 'data' directory Flavors: r-oldrel-macos-arm64, r-oldrel-macos-x86_64, r-oldrel-windows-x86_64