Last updated on 2025-10-21 23:50:47 CEST.
Flavor | Version | Tinstall | Tcheck | Ttotal | Status | Flags |
---|---|---|---|---|---|---|
r-devel-linux-x86_64-debian-clang | 0.3.0.0 | 18.63 | 381.83 | 400.46 | NOTE | |
r-devel-linux-x86_64-debian-gcc | 0.3.0.0 | 11.57 | 248.53 | 260.10 | NOTE | |
r-devel-linux-x86_64-fedora-clang | 0.3.0.0 | 129.00 | 507.43 | 636.43 | OK | |
r-devel-linux-x86_64-fedora-gcc | 0.3.0.0 | 43.00 | 589.36 | 632.36 | OK | |
r-devel-windows-x86_64 | 0.3.0.0 | 22.00 | 356.00 | 378.00 | OK | |
r-patched-linux-x86_64 | 0.3.0.0 | 19.48 | 361.40 | 380.88 | OK | |
r-release-linux-x86_64 | 0.3.0.0 | 19.30 | 359.43 | 378.73 | OK | |
r-release-macos-arm64 | 0.3.0.0 | 5.00 | ERROR | |||
r-release-macos-x86_64 | 0.3.0.0 | 8.00 | 171.00 | 179.00 | OK | |
r-release-windows-x86_64 | 0.3.0.0 | 24.00 | 353.00 | 377.00 | OK | |
r-oldrel-macos-arm64 | 0.3.0.0 | 8.00 | 169.00 | 177.00 | OK | |
r-oldrel-macos-x86_64 | 0.3.0.0 | 9.00 | 177.00 | 186.00 | OK | |
r-oldrel-windows-x86_64 | 0.3.0.0 | 30.00 | 467.00 | 497.00 | OK |
Version: 0.3.0.0
Check: HTML version of manual
Result: NOTE
Found the following HTML validation problems:
Extract.uhc_data.html:52:1 (Extract.uhc_data.Rd:14): Warning: missing </ul> before </div>
get_max_dist.html:57:1 (get_max_dist.Rd:17): Warning: missing </ul> before </div>
issf_drop_stratum.html:50:1 (issf_drop_stratum.Rd:12): Warning: missing </ul> before </div>
issf_w_form.html:50:1 (issf_w_form.Rd:12): Warning: missing </ul> before </div>
make_start.html:85:1 (make_start.Rd:38): Warning: missing </ul> before </div>
prep_test_dat.html:58:1 (prep_test_dat.Rd:18): Warning: missing </ul> before </div>
redistribution_kernel.html:117:1 (redistribution_kernel.Rd:53): Warning: missing </ul> before </div>
sampling_period.html:50:1 (sampling_period.Rd:12): Warning: missing </ul> before </div>
simulate_path.html:68:1 (simulate_path.Rd:24): Warning: missing </ul> before </div>
ssf_weights.html:57:1 (ssf_weights.Rd:16): Warning: missing </ul> before </div>
summarize_sl.html:50:1 (summarize_sl.Rd:12): Warning: missing </ul> before </div>
summarize_speed.html:50:1 (summarize_speed.Rd:12): Warning: missing </ul> before </div>
tracked_from_to.html:54:1 (tracked_from_to.Rd:14): Warning: missing </ul> before </div>
ua_distr.html:80:1 (ua_distr.Rd:32): Warning: missing </ul> before </div>
Flavors: r-devel-linux-x86_64-debian-clang, r-devel-linux-x86_64-debian-gcc
Version: 0.3.0.0
Check: package dependencies
Result: ERROR
Package required but not available: ‘ctmm’
See section ‘The DESCRIPTION file’ in the ‘Writing R Extensions’
manual.
Flavor: r-release-macos-arm64