Last updated on 2025-10-22 17:49:31 CEST.
Flavor | Version | Tinstall | Tcheck | Ttotal | Status | Flags |
---|---|---|---|---|---|---|
r-devel-linux-x86_64-debian-clang | 0.10.6 | 16.40 | 211.22 | 227.62 | NOTE | |
r-devel-linux-x86_64-debian-gcc | 0.10.6 | 11.81 | 156.60 | 168.41 | NOTE | |
r-devel-linux-x86_64-fedora-clang | 0.10.6 | 57.00 | 302.44 | 359.44 | OK | |
r-devel-linux-x86_64-fedora-gcc | 0.10.6 | 39.00 | 324.65 | 363.65 | OK | |
r-devel-windows-x86_64 | 0.10.6 | 18.00 | 221.00 | 239.00 | OK | |
r-patched-linux-x86_64 | 0.10.6 | 15.71 | 204.36 | 220.07 | OK | |
r-release-linux-x86_64 | 0.10.6 | 16.89 | 205.96 | 222.85 | OK | |
r-release-macos-arm64 | 0.10.6 | 8.00 | 113.00 | 121.00 | OK | |
r-release-macos-x86_64 | 0.10.6 | 22.00 | 237.00 | 259.00 | OK | |
r-release-windows-x86_64 | 0.10.6 | 18.00 | 224.00 | 242.00 | OK | |
r-oldrel-macos-arm64 | 0.10.6 | 8.00 | 126.00 | 134.00 | OK | |
r-oldrel-macos-x86_64 | 0.10.6 | 16.00 | 246.00 | 262.00 | OK | |
r-oldrel-windows-x86_64 | 0.10.6 | 24.00 | 275.00 | 299.00 | OK |
Version: 0.10.6
Check: HTML version of manual
Result: NOTE
Found the following HTML validation problems:
blur_point.html:68:1 (blur_point.Rd:24): Warning: missing </ul> before </div>
Flavors: r-devel-linux-x86_64-debian-clang, r-devel-linux-x86_64-debian-gcc