Last updated on 2025-10-21 11:53:15 CEST.
Flavor | Version | Tinstall | Tcheck | Ttotal | Status | Flags |
---|---|---|---|---|---|---|
r-devel-linux-x86_64-debian-clang | 1.2.1 | 17.91 | 176.25 | 194.16 | NOTE | |
r-devel-linux-x86_64-debian-gcc | 1.2.1 | 13.01 | 125.49 | 138.50 | NOTE | |
r-devel-linux-x86_64-fedora-clang | 1.2.1 | 313.17 | OK | |||
r-devel-linux-x86_64-fedora-gcc | 1.2.1 | 37.00 | 265.36 | 302.36 | OK | |
r-devel-windows-x86_64 | 1.2.1 | 20.00 | 158.00 | 178.00 | OK | |
r-patched-linux-x86_64 | 1.2.1 | 14.98 | 164.04 | 179.02 | OK | |
r-release-linux-x86_64 | 1.2.1 | 14.96 | 164.75 | 179.71 | OK | |
r-release-macos-arm64 | 1.2.1 | 64.00 | OK | |||
r-release-macos-x86_64 | 1.2.1 | 11.00 | 85.00 | 96.00 | OK | |
r-release-windows-x86_64 | 1.2.1 | 20.00 | 153.00 | 173.00 | OK | |
r-oldrel-macos-arm64 | 1.2.1 | 75.00 | OK | |||
r-oldrel-macos-x86_64 | 1.2.1 | 104.00 | OK | |||
r-oldrel-windows-x86_64 | 1.2.1 | 26.00 | 203.00 | 229.00 | OK |
Version: 1.2.1
Check: HTML version of manual
Result: NOTE
Found the following HTML validation problems:
Process.html:940:1 (Process.Rd:619): Warning: missing </ul> before </div>
Process.html:368:1 (Process.Rd:263): Warning: <h5> anchor "Usage" already defined
Process.html:374:1 (Process.Rd:267): Warning: <h5> anchor "Arguments" already defined
Process.html:431:1 (Process.Rd:297): Warning: <h5> anchor "Usage" already defined
Process.html:437:1 (Process.Rd:301): Warning: <h5> anchor "Arguments" already defined
Process.html:464:1 (Process.Rd:318): Warning: <h5> anchor "Usage" already defined
Process.html:477:1 (Process.Rd:329): Warning: <h5> anchor "Arguments" already defined
Process.html:516:1 (Process.Rd:358): Warning: <h5> anchor "Usage" already defined
Process.html:532:1 (Process.Rd:368): Warning: <h5> anchor "Usage" already defined
Process.html:542:1 (Process.Rd:376): Warning: <h5> anchor "Arguments" already defined
Process.html:608:1 (Process.Rd:412): Warning: <h5> anchor "Usage" already defined
Process.html:619:1 (Process.Rd:421): Warning: <h5> anchor "Arguments" already defined
Process.html:670:1 (Process.Rd:453): Warning: <h5> anchor "Usage" already defined
Process.html:686:1 (Process.Rd:463): Warning: <h5> anchor "Usage" already defined
Process.html:702:1 (Process.Rd:473): Warning: <h5> anchor "Usage" already defined
Process.html:713:1 (Process.Rd:482): Warning: <h5> anchor "Arguments" already defined
Process.html:764:1 (Process.Rd:514): Warning: <h5> anchor "Usage" already defined
Process.html:770:1 (Process.Rd:518): Warning: <h5> anchor "Arguments" already defined
Process.html:808:1 (Process.Rd:539): Warning: <h5> anchor "Usage" already defined
Process.html:814:1 (Process.Rd:543): Warning: <h5> anchor "Arguments" already defined
Process.html:852:1 (Process.Rd:564): Warning: <h5> anchor "Usage" already defined
Process.html:863:1 (Process.Rd:573): Warning: <h5> anchor "Arguments" already defined
Process.html:914:1 (Process.Rd:605): Warning: <h5> anchor "Usage" already defined
Process.html:930:1 (Process.Rd:615): Warning: <h5> anchor "Usage" already defined
Flavors: r-devel-linux-x86_64-debian-clang, r-devel-linux-x86_64-debian-gcc