Last updated on 2025-10-21 17:49:41 CEST.
Flavor | Version | Tinstall | Tcheck | Ttotal | Status | Flags |
---|---|---|---|---|---|---|
r-devel-linux-x86_64-debian-clang | 0.5.0 | 4.55 | 52.96 | 57.51 | NOTE | |
r-devel-linux-x86_64-debian-gcc | 0.5.0 | 3.00 | 40.75 | 43.75 | NOTE | |
r-devel-linux-x86_64-fedora-clang | 0.5.0 | 10.00 | 77.35 | 87.35 | OK | |
r-devel-linux-x86_64-fedora-gcc | 0.5.0 | 101.47 | OK | |||
r-devel-windows-x86_64 | 0.5.0 | 6.00 | 76.00 | 82.00 | OK | |
r-patched-linux-x86_64 | 0.5.0 | 4.63 | 50.82 | 55.45 | OK | |
r-release-linux-x86_64 | 0.5.0 | 4.47 | 50.19 | 54.66 | OK | |
r-release-macos-arm64 | 0.5.0 | 2.00 | 50.00 | 52.00 | OK | |
r-release-macos-x86_64 | 0.5.0 | 4.00 | 73.00 | 77.00 | OK | |
r-release-windows-x86_64 | 0.5.0 | 6.00 | 77.00 | 83.00 | OK | |
r-oldrel-macos-arm64 | 0.5.0 | 2.00 | 37.00 | 39.00 | OK | |
r-oldrel-macos-x86_64 | 0.5.0 | 3.00 | 54.00 | 57.00 | OK | |
r-oldrel-windows-x86_64 | 0.5.0 | 8.00 | 88.00 | 96.00 | OK |
Version: 0.5.0
Check: HTML version of manual
Result: NOTE
Found the following HTML validation problems:
Accessor.html:58:1 (Accessor.Rd:19): Warning: missing </ul> before </div>
aoos.html:75:1 (aoos.Rd:32): Warning: missing </ul> before </div>
genericTest.html:58:1 (genericTest.Rd:18): Warning: missing </ul> before </div>
parser.html:58:1 (parser.Rd:20): Warning: missing </ul> before </div>
publicInterface.html:63:1 (publicInterface.Rd:23): Warning: missing </ul> before </div>
Flavors: r-devel-linux-x86_64-debian-clang, r-devel-linux-x86_64-debian-gcc