Last updated on 2025-10-24 11:50:41 CEST.
| Flavor | Version | Tinstall | Tcheck | Ttotal | Status | Flags |
|---|---|---|---|---|---|---|
| r-devel-linux-x86_64-debian-clang | 1.1.6 | 3.11 | 69.31 | 72.42 | NOTE | |
| r-devel-linux-x86_64-debian-gcc | 1.1.6 | 2.23 | 50.02 | 52.25 | NOTE | |
| r-devel-linux-x86_64-fedora-clang | 1.1.6 | 111.07 | OK | |||
| r-devel-linux-x86_64-fedora-gcc | 1.1.6 | 126.27 | OK | |||
| r-devel-windows-x86_64 | 1.1.6 | 5.00 | 85.00 | 90.00 | OK | |
| r-patched-linux-x86_64 | 1.1.6 | 3.28 | 65.71 | 68.99 | OK | |
| r-release-linux-x86_64 | 1.1.6 | 2.85 | 65.09 | 67.94 | OK | |
| r-release-macos-arm64 | 1.1.6 | 2.00 | 46.00 | 48.00 | OK | |
| r-release-macos-x86_64 | 1.1.6 | 2.00 | 74.00 | 76.00 | OK | |
| r-release-windows-x86_64 | 1.1.6 | 5.00 | 85.00 | 90.00 | OK | |
| r-oldrel-macos-arm64 | 1.1.6 | 2.00 | 39.00 | 41.00 | OK | |
| r-oldrel-macos-x86_64 | 1.1.6 | 2.00 | 65.00 | 67.00 | OK | |
| r-oldrel-windows-x86_64 | 1.1.6 | 6.00 | 108.00 | 114.00 | OK |
Version: 1.1.6
Check: CRAN incoming feasibility
Result: NOTE
Maintainer: ‘Marta Karas <marta.karass@gmail.com>’
Package CITATION file contains call(s) to old-style citEntry(). Please
use bibentry() instead.
Flavors: r-devel-linux-x86_64-debian-clang, r-devel-linux-x86_64-debian-gcc