CRAN Package Check Results for Package artma

Last updated on 2025-10-22 11:51:00 CEST.

Flavor Version Tinstall Tcheck Ttotal Status Flags
r-devel-linux-x86_64-debian-clang 0.2.1 3.12 40.63 43.75 NOTE
r-devel-linux-x86_64-debian-gcc 0.2.1 2.65 31.44 34.09 NOTE
r-devel-linux-x86_64-fedora-clang 0.2.1 29.00 44.81 73.81 OK
r-devel-linux-x86_64-fedora-gcc 0.2.1 79.47 OK
r-devel-windows-x86_64 0.2.1 7.00 58.00 65.00 OK
r-patched-linux-x86_64 0.2.1 3.85 38.89 42.74 OK
r-release-linux-x86_64 0.2.1 3.84 38.64 42.48 OK
r-release-macos-arm64 0.2.1 2.00 55.00 57.00 OK
r-release-macos-x86_64 0.2.1 5.00 60.00 65.00 OK
r-release-windows-x86_64 0.2.1 7.00 59.00 66.00 OK
r-oldrel-macos-arm64 0.2.1 2.00 32.00 34.00 OK
r-oldrel-macos-x86_64 0.2.1 3.00 66.00 69.00 OK
r-oldrel-windows-x86_64 0.2.1 8.00 69.00 77.00 OK

Check Details

Version: 0.2.1
Check: HTML version of manual
Result: NOTE Found the following HTML validation problems: get_valid_boxpath.html:50:1 (get_valid_boxpath.Rd:12): Warning: missing </ul> before </div> invoke_runtime_methods.html:59:1 (invoke_runtime_methods.Rd:19): Warning: missing </ul> before </div> runtime_setup.html:54:1 (runtime_setup.Rd:14): Warning: missing </ul> before </div> Flavors: r-devel-linux-x86_64-debian-clang, r-devel-linux-x86_64-debian-gcc